Last updated on 2024-04-17 17:56:36 CEST.
Flavor | Version | Tinstall | Tcheck | Ttotal | Status | Flags |
---|---|---|---|---|---|---|
r-devel-linux-x86_64-debian-clang | 1.1.5 | 125.92 | 124.03 | 249.95 | NOTE | |
r-devel-linux-x86_64-debian-gcc | 1.1.5 | 96.60 | 88.31 | 184.91 | NOTE | |
r-devel-linux-x86_64-fedora-clang | 1.1.5 | 366.46 | NOTE | |||
r-devel-linux-x86_64-fedora-gcc | 1.1.5 | 351.95 | NOTE | |||
r-prerel-macos-arm64 | 1.1.5 | 86.00 | NOTE | |||
r-prerel-windows-x86_64 | 1.1.5 | 107.00 | 141.00 | 248.00 | NOTE | |
r-patched-linux-x86_64 | 1.1.5 | 125.98 | 116.84 | 242.82 | NOTE | |
r-release-linux-x86_64 | 1.1.5 | 123.06 | 114.27 | 237.33 | NOTE | |
r-release-macos-arm64 | 1.1.5 | 89.00 | NOTE | |||
r-release-macos-x86_64 | 1.1.5 | 166.00 | NOTE | |||
r-release-windows-x86_64 | 1.1.5 | 106.00 | 161.00 | 267.00 | NOTE | |
r-oldrel-macos-arm64 | 1.1.5 | 80.00 | NOTE | |||
r-oldrel-windows-x86_64 | 1.1.5 | 126.00 | 156.00 | 282.00 | NOTE |
Version: 1.1.5
Check: C++ specification
Result: NOTE
Specified C++14: please drop specification unless essential
Flavors: r-devel-linux-x86_64-debian-clang, r-devel-linux-x86_64-debian-gcc, r-devel-linux-x86_64-fedora-clang, r-devel-linux-x86_64-fedora-gcc, r-prerel-macos-arm64, r-prerel-windows-x86_64, r-patched-linux-x86_64, r-release-linux-x86_64, r-release-macos-arm64, r-release-macos-x86_64, r-release-windows-x86_64
Version: 1.1.5
Check: installed package size
Result: NOTE
installed size is 10.2Mb
sub-directories of 1Mb or more:
libs 8.3Mb
yacas 1.3Mb
Flavors: r-prerel-macos-arm64, r-release-macos-arm64, r-release-macos-x86_64, r-oldrel-macos-arm64
Version: 1.1.5
Check: package dependencies
Result: NOTE
Package suggested but not available for checking: 'unix'
Flavors: r-prerel-windows-x86_64, r-release-windows-x86_64, r-oldrel-windows-x86_64