Last updated on 2024-04-23 23:56:16 CEST.
Flavor | Version | Tinstall | Tcheck | Ttotal | Status | Flags |
---|---|---|---|---|---|---|
r-devel-linux-x86_64-debian-clang | 0.4.4 | 93.17 | 120.74 | 213.91 | NOTE | |
r-devel-linux-x86_64-debian-gcc | 0.4.4 | 79.24 | 87.21 | 166.45 | NOTE | |
r-devel-linux-x86_64-fedora-clang | 0.4.4 | 329.52 | NOTE | |||
r-devel-linux-x86_64-fedora-gcc | 0.4.4 | 326.70 | NOTE | |||
r-prerel-macos-arm64 | 0.4.4 | 86.00 | NOTE | |||
r-prerel-windows-x86_64 | 0.4.4 | 89.00 | 134.00 | 223.00 | NOTE | |
r-patched-linux-x86_64 | 0.4.4 | 100.25 | 115.26 | 215.51 | NOTE | |
r-release-linux-x86_64 | 0.4.4 | 100.48 | 112.93 | 213.41 | NOTE | |
r-release-macos-arm64 | 0.4.4 | 105.00 | NOTE | |||
r-release-macos-x86_64 | 0.4.4 | 162.00 | NOTE | |||
r-release-windows-x86_64 | 0.4.4 | 108.00 | 164.00 | 272.00 | NOTE | |
r-oldrel-macos-arm64 | 0.4.4 | 98.00 | NOTE | |||
r-oldrel-windows-x86_64 | 0.4.4 | 104.00 | 158.00 | 262.00 | OK |
Version: 0.4.4
Check: C++ specification
Result: NOTE
Specified C++11: please drop specification unless essential
Flavors: r-devel-linux-x86_64-debian-clang, r-devel-linux-x86_64-debian-gcc, r-devel-linux-x86_64-fedora-clang, r-devel-linux-x86_64-fedora-gcc, r-prerel-macos-arm64, r-prerel-windows-x86_64, r-patched-linux-x86_64, r-release-linux-x86_64, r-release-macos-arm64, r-release-macos-x86_64, r-release-windows-x86_64
Version: 0.4.4
Check: installed package size
Result: NOTE
installed size is 9.3Mb
sub-directories of 1Mb or more:
libs 7.6Mb
yacas 1.3Mb
Flavors: r-prerel-macos-arm64, r-release-macos-arm64, r-release-macos-x86_64, r-oldrel-macos-arm64