Last updated on 2024-08-16 11:49:51 CEST.
Flavor | Version | Tinstall | Tcheck | Ttotal | Status | Flags |
---|---|---|---|---|---|---|
r-devel-linux-x86_64-debian-clang | 0.1.0-1 | 31.24 | 167.97 | 199.21 | OK | |
r-devel-linux-x86_64-debian-gcc | 0.1.0-1 | 20.29 | 145.41 | 165.70 | OK | |
r-devel-linux-x86_64-fedora-clang | 0.1.0-1 | 358.70 | NOTE | |||
r-devel-linux-x86_64-fedora-gcc | 0.1.0-1 | 451.22 | NOTE | |||
r-devel-windows-x86_64 | 0.1.0-1 | 35.00 | 246.00 | 281.00 | OK | |
r-patched-linux-x86_64 | 0.1.0-1 | 29.32 | 222.38 | 251.70 | OK | |
r-release-linux-x86_64 | 0.1.0-1 | 29.18 | 219.04 | 248.22 | OK | |
r-release-macos-arm64 | 0.1.0-1 | 149.00 | OK | |||
r-release-macos-x86_64 | 0.1.0-1 | 201.00 | OK | |||
r-release-windows-x86_64 | 0.1.0-1 | 35.00 | 246.00 | 281.00 | OK | |
r-oldrel-macos-arm64 | 0.1.0-1 | 152.00 | OK | |||
r-oldrel-macos-x86_64 | 0.1.0-1 | 253.00 | OK | |||
r-oldrel-windows-x86_64 | 0.1.0-1 | 42.00 | 315.00 | 357.00 | OK |
Version: 0.1.0-1
Check: dependencies in R code
Result: NOTE
Namespace in Imports field not imported from: ‘Rcpp’
All declared Imports should be used.
Flavors: r-devel-linux-x86_64-fedora-clang, r-devel-linux-x86_64-fedora-gcc