CRAN Package Check Results for Package SAMURAI

Last updated on 2019-07-16 05:48:31 CEST.

Flavor Version Tinstall Tcheck Ttotal Status Flags
r-devel-linux-x86_64-debian-clang 1.2.1 6.55 60.97 67.52 NOTE
r-devel-linux-x86_64-debian-gcc 1.2.1 6.23 49.48 55.71 NOTE
r-devel-linux-x86_64-fedora-clang 1.2.1 82.43 NOTE
r-devel-linux-x86_64-fedora-gcc 1.2.1 80.59 NOTE
r-devel-windows-ix86+x86_64 1.2.1 17.00 71.00 88.00 NOTE
r-patched-linux-x86_64 1.2.1 6.05 61.31 67.36 NOTE
r-patched-solaris-x86 1.2.1 129.90 NOTE
r-release-linux-x86_64 1.2.1 6.52 60.61 67.13 NOTE
r-release-windows-ix86+x86_64 1.2.1 13.00 104.00 117.00 NOTE
r-release-osx-x86_64 1.2.1 NOTE
r-oldrel-windows-ix86+x86_64 1.2.1 10.00 70.00 80.00 NOTE
r-oldrel-osx-x86_64 1.2.1 NOTE

Check Details

Version: 1.2.1
Check: R code for possible problems
Result: NOTE
    GraphBinaryForestPlot: no visible global function definition for
     'abline'
    GraphBinaryForestPlot: no visible global function definition for 'text'
    GraphContinuousForestPlot: no visible global function definition for
     'abline'
    GraphContinuousForestPlot: no visible global function definition for
     'text'
    ImputeBinaryEvents: no visible global function definition for 'rbinom'
    ImputeSMD: no visible global function definition for 'rnorm'
    funnelplot: no visible global function definition for 'abline'
    Undefined global functions or variables:
     abline rbinom rnorm text
    Consider adding
     importFrom("graphics", "abline", "text")
     importFrom("stats", "rbinom", "rnorm")
    to your NAMESPACE file.
Flavors: r-devel-linux-x86_64-debian-clang, r-devel-linux-x86_64-debian-gcc, r-devel-linux-x86_64-fedora-clang, r-devel-linux-x86_64-fedora-gcc, r-devel-windows-ix86+x86_64, r-patched-linux-x86_64, r-patched-solaris-x86, r-release-linux-x86_64, r-release-windows-ix86+x86_64, r-release-osx-x86_64, r-oldrel-windows-ix86+x86_64, r-oldrel-osx-x86_64