CRAN Package Check Results for Package SAMURAI

Last updated on 2019-02-23 17:52:57 CET.

Flavor Version Tinstall Tcheck Ttotal Status Flags
r-devel-linux-x86_64-debian-clang 1.2.1 4.26 61.54 65.80 NOTE
r-devel-linux-x86_64-debian-gcc 1.2.1 3.71 49.19 52.90 NOTE
r-devel-linux-x86_64-fedora-clang 1.2.1 81.12 NOTE
r-devel-linux-x86_64-fedora-gcc 1.2.1 77.33 NOTE
r-devel-windows-ix86+x86_64 1.2.1 12.00 99.00 111.00 NOTE
r-patched-linux-x86_64 1.2.1 4.48 57.41 61.89 NOTE
r-patched-solaris-x86 1.2.1 115.00 NOTE
r-release-linux-x86_64 1.2.1 3.40 57.49 60.89 NOTE
r-release-windows-ix86+x86_64 1.2.1 10.00 95.00 105.00 NOTE
r-release-osx-x86_64 1.2.1 NOTE
r-oldrel-windows-ix86+x86_64 1.2.1 8.00 95.00 103.00 NOTE
r-oldrel-osx-x86_64 1.2.1 NOTE

Check Details

Version: 1.2.1
Check: R code for possible problems
Result: NOTE
    GraphBinaryForestPlot: no visible global function definition for
     ‘abline’
    GraphBinaryForestPlot: no visible global function definition for ‘text’
    GraphContinuousForestPlot: no visible global function definition for
     ‘abline’
    GraphContinuousForestPlot: no visible global function definition for
     ‘text’
    ImputeBinaryEvents: no visible global function definition for ‘rbinom’
    ImputeSMD: no visible global function definition for ‘rnorm’
    funnelplot: no visible global function definition for ‘abline’
    Undefined global functions or variables:
     abline rbinom rnorm text
    Consider adding
     importFrom("graphics", "abline", "text")
     importFrom("stats", "rbinom", "rnorm")
    to your NAMESPACE file.
Flavors: r-devel-linux-x86_64-debian-clang, r-devel-linux-x86_64-debian-gcc, r-devel-linux-x86_64-fedora-clang, r-devel-linux-x86_64-fedora-gcc, r-devel-windows-ix86+x86_64, r-patched-linux-x86_64, r-patched-solaris-x86, r-release-linux-x86_64, r-release-windows-ix86+x86_64, r-release-osx-x86_64, r-oldrel-windows-ix86+x86_64, r-oldrel-osx-x86_64