CRAN Package Check Results for Package SAMURAI

Last updated on 2019-04-18 17:50:42 CEST.

Flavor Version Tinstall Tcheck Ttotal Status Flags
r-devel-linux-x86_64-debian-clang 1.2.1 7.29 60.80 68.09 NOTE
r-devel-linux-x86_64-debian-gcc 1.2.1 5.93 49.45 55.38 NOTE
r-devel-linux-x86_64-fedora-clang 1.2.1 80.66 NOTE
r-devel-linux-x86_64-fedora-gcc 1.2.1 78.70 NOTE
r-devel-windows-ix86+x86_64 1.2.1 18.00 93.00 111.00 NOTE
r-patched-linux-x86_64 1.2.1 6.87 61.10 67.97 NOTE
r-patched-solaris-x86 1.2.1 123.80 NOTE
r-release-linux-x86_64 1.2.1 4.22 58.19 62.41 NOTE
r-release-windows-ix86+x86_64 1.2.1 8.00 100.00 108.00 NOTE
r-release-osx-x86_64 1.2.1 NOTE
r-oldrel-windows-ix86+x86_64 1.2.1 10.00 93.00 103.00 NOTE
r-oldrel-osx-x86_64 1.2.1 NOTE

Check Details

Version: 1.2.1
Check: R code for possible problems
Result: NOTE
    GraphBinaryForestPlot: no visible global function definition for
     'abline'
    GraphBinaryForestPlot: no visible global function definition for 'text'
    GraphContinuousForestPlot: no visible global function definition for
     'abline'
    GraphContinuousForestPlot: no visible global function definition for
     'text'
    ImputeBinaryEvents: no visible global function definition for 'rbinom'
    ImputeSMD: no visible global function definition for 'rnorm'
    funnelplot: no visible global function definition for 'abline'
    Undefined global functions or variables:
     abline rbinom rnorm text
    Consider adding
     importFrom("graphics", "abline", "text")
     importFrom("stats", "rbinom", "rnorm")
    to your NAMESPACE file.
Flavors: r-devel-linux-x86_64-debian-clang, r-devel-linux-x86_64-debian-gcc, r-devel-linux-x86_64-fedora-clang, r-devel-linux-x86_64-fedora-gcc, r-devel-windows-ix86+x86_64, r-patched-linux-x86_64, r-patched-solaris-x86, r-release-linux-x86_64, r-release-windows-ix86+x86_64, r-release-osx-x86_64, r-oldrel-windows-ix86+x86_64, r-oldrel-osx-x86_64