CRAN Package Check Results for Package SAMtool

Last updated on 2021-10-19 05:51:15 CEST.

Flavor Version Tinstall Tcheck Ttotal Status Flags
r-devel-linux-x86_64-debian-clang 1.2.2 168.28 191.97 360.25 OK
r-devel-linux-x86_64-debian-gcc 1.2.2 156.10 141.56 297.66 OK
r-devel-linux-x86_64-fedora-clang 1.2.2 504.84 NOTE
r-devel-linux-x86_64-fedora-gcc 1.2.2 480.43 OK
r-devel-windows-x86_64 1.2.2 166.00 243.00 409.00 NOTE
r-devel-windows-x86_64-gcc10-UCRT 1.2.2 OK
r-patched-linux-x86_64 1.2.2 158.80 182.84 341.64 OK
r-patched-solaris-x86 1.2.2 482.70 OK
r-release-linux-x86_64 1.2.2 154.52 185.28 339.80 OK
r-release-macos-arm64 1.2.2 NOTE
r-release-macos-x86_64 1.2.2 NOTE
r-release-windows-ix86+x86_64 1.2.2 209.00 292.00 501.00 NOTE
r-oldrel-macos-x86_64 1.2.2 NOTE
r-oldrel-windows-ix86+x86_64 1.2.2 328.00 295.00 623.00 NOTE

Additional issues

donttest

Check Details

Version: 1.2.2
Check: installed package size
Result: NOTE
     installed size is 26.7Mb
     sub-directories of 1Mb or more:
     R 1.2Mb
     libs 24.3Mb
Flavors: r-devel-linux-x86_64-fedora-clang, r-devel-windows-x86_64, r-release-macos-arm64, r-release-macos-x86_64, r-release-windows-ix86+x86_64, r-oldrel-macos-x86_64, r-oldrel-windows-ix86+x86_64