CRAN Package Check Results for Package SANple

Last updated on 2024-04-17 23:55:46 CEST.

Flavor Version Tinstall Tcheck Ttotal Status Flags
r-devel-linux-x86_64-debian-clang 0.1.0 201.08 49.69 250.77 OK
r-devel-linux-x86_64-debian-gcc 0.1.0 144.36 36.12 180.48 OK
r-devel-linux-x86_64-fedora-clang 0.1.0 370.83 OK
r-devel-linux-x86_64-fedora-gcc 0.1.0 361.82 OK
r-prerel-macos-arm64 0.1.0 66.00 NOTE
r-prerel-windows-x86_64 0.1.0 147.00 89.00 236.00 OK
r-patched-linux-x86_64 0.1.0 191.05 45.28 236.33 OK
r-release-linux-x86_64 0.1.0 192.57 45.61 238.18 OK
r-release-macos-arm64 0.1.0 72.00 NOTE
r-release-macos-x86_64 0.1.0 89.00 NOTE
r-release-windows-x86_64 0.1.0 182.00 98.00 280.00 OK
r-oldrel-macos-arm64 0.1.0 67.00 NOTE
r-oldrel-windows-x86_64 0.1.0 178.00 86.00 264.00 OK

Check Details

Version: 0.1.0
Check: installed package size
Result: NOTE installed size is 5.4Mb sub-directories of 1Mb or more: libs 4.9Mb Flavors: r-prerel-macos-arm64, r-release-macos-arm64, r-release-macos-x86_64, r-oldrel-macos-arm64