Last updated on 2021-01-17 05:48:53 CET.
Flavor | Version | Tinstall | Tcheck | Ttotal | Status | Flags |
---|---|---|---|---|---|---|
r-devel-linux-x86_64-debian-clang | 0.8.6 | 5.38 | 37.76 | 43.14 | WARN | |
r-devel-linux-x86_64-debian-gcc | 0.8.6 | 4.48 | 29.31 | 33.79 | OK | |
r-devel-linux-x86_64-fedora-clang | 0.8.6 | 65.33 | OK | |||
r-devel-linux-x86_64-fedora-gcc | 0.8.6 | 52.36 | OK | |||
r-devel-windows-ix86+x86_64 | 0.8.6 | 7.00 | 40.00 | 47.00 | OK | |
r-patched-linux-x86_64 | 0.8.6 | 5.01 | 35.21 | 40.22 | OK | |
r-patched-solaris-x86 | 0.8.6 | 67.80 | OK | |||
r-release-linux-x86_64 | 0.8.6 | 5.66 | 35.30 | 40.96 | OK | |
r-release-macos-x86_64 | 0.8.6 | OK | ||||
r-release-windows-ix86+x86_64 | 0.8.6 | 10.00 | 64.00 | 74.00 | OK | |
r-oldrel-macos-x86_64 | 0.8.6 | OK | ||||
r-oldrel-windows-ix86+x86_64 | 0.8.6 | 8.00 | 63.00 | 71.00 | OK |
Version: 0.8.6
Check: whether package can be installed
Result: WARN
Found the following significant warnings:
Warning: unable to re-encode 'affichages.R' line 193
Warning: unable to re-encode 'sortie_R.R' lines 272, 282
Flavor: r-devel-linux-x86_64-debian-clang