CRAN Package Check Results for Package SCORPION

Last updated on 2023-05-30 17:56:48 CEST.

Flavor Version Tinstall Tcheck Ttotal Status Flags
r-devel-linux-x86_64-debian-clang 1.0.1 9.07 83.47 92.54 OK
r-devel-linux-x86_64-debian-gcc 1.0.1 8.16 65.60 73.76 OK
r-devel-linux-x86_64-fedora-clang 1.0.1 133.91 NOTE
r-devel-linux-x86_64-fedora-gcc 1.0.1 131.75 NOTE
r-devel-windows-x86_64 1.0.1 10.00 80.00 90.00 OK
r-patched-linux-x86_64 1.0.1 8.09 81.18 89.27 OK
r-release-linux-x86_64 1.0.1 9.64 80.56 90.20 OK
r-release-macos-arm64 1.0.1 37.00 OK
r-release-macos-x86_64 1.0.1 58.00 OK
r-release-windows-x86_64 1.0.1 12.00 90.00 102.00 OK
r-oldrel-macos-arm64 1.0.1 35.00 NOTE
r-oldrel-macos-x86_64 1.0.1 50.00 NOTE
r-oldrel-windows-x86_64 1.0.1 12.00 96.00 108.00 OK

Check Details

Version: 1.0.1
Check: dependencies in R code
Result: NOTE
    Namespace in Imports field not imported from: ‘RhpcBLASctl’
     All declared Imports should be used.
Flavors: r-devel-linux-x86_64-fedora-clang, r-devel-linux-x86_64-fedora-gcc, r-oldrel-macos-arm64, r-oldrel-macos-x86_64