CRAN Package Check Results for Package SCPME

Last updated on 2021-08-01 23:49:41 CEST.

Flavor Version Tinstall Tcheck Ttotal Status Flags
r-devel-linux-x86_64-debian-clang 1.0 84.60 63.41 148.01 NOTE
r-devel-linux-x86_64-debian-gcc 1.0 59.80 47.41 107.21 NOTE
r-devel-linux-x86_64-fedora-clang 1.0 206.70 NOTE
r-devel-linux-x86_64-fedora-gcc 1.0 187.54 NOTE
r-devel-windows-x86_64 1.0 83.00 95.00 178.00 NOTE
r-devel-windows-x86_64-gcc10-UCRT 1.0 NOTE
r-patched-linux-x86_64 1.0 NOTE
r-patched-solaris-x86 1.0 202.80 NOTE
r-release-linux-x86_64 1.0 72.49 58.77 131.26 NOTE
r-release-macos-arm64 1.0 WARN
r-release-macos-x86_64 1.0 NOTE
r-release-windows-ix86+x86_64 1.0 194.00 122.00 316.00 NOTE
r-oldrel-macos-x86_64 1.0 OK
r-oldrel-windows-ix86+x86_64 1.0 134.00 126.00 260.00 OK

Check Details

Version: 1.0
Check: LazyData
Result: NOTE
     'LazyData' is specified without a 'data' directory
Flavors: r-devel-linux-x86_64-debian-clang, r-devel-linux-x86_64-debian-gcc, r-devel-linux-x86_64-fedora-clang, r-devel-linux-x86_64-fedora-gcc, r-devel-windows-x86_64, r-devel-windows-x86_64-gcc10-UCRT, r-patched-linux-x86_64, r-patched-solaris-x86, r-release-linux-x86_64, r-release-macos-arm64, r-release-macos-x86_64, r-release-windows-ix86+x86_64

Version: 1.0
Check: re-building of vignette outputs
Result: WARN
    Error(s) in re-building vignettes:
    --- re-building ‘Details.Rmd’ using knitr
    --- finished re-building ‘Details.Rmd’
    
    --- re-building ‘Tutorial.Rmd’ using knitr
    Loading required package: Rcpp
    Loading required package: RcppProgress
    Loading required package: doParallel
    Loading required package: foreach
    Loading required package: iterators
    Loading required package: parallel
    0% 10 20 30 40 50 60 70 80 90 100%
    [----|----|----|----|----|----|----|----|----|----|
    **************************************************|
    0% 10 20 30 40 50 60 70 80 90 100%
    [----|----|----|----|----|----|----|----|----|----|
    **************************************************|
    0% 10 20 30 40 50 60 70 80 90 100%
    [----|----|----|----|----|----|----|----|----|----|
    **************************************************|
    Quitting from lines 129-134 (Tutorial.Rmd)
    Error: processing vignette 'Tutorial.Rmd' failed with diagnostics:
    polygon edge not found
    --- failed re-building ‘Tutorial.Rmd’
    
    SUMMARY: processing the following file failed:
     ‘Tutorial.Rmd’
    
    Error: Vignette re-building failed.
    Execution halted
Flavor: r-release-macos-arm64