CRAN Package Check Results for Package SDALGCP

Last updated on 2019-07-16 05:48:31 CEST.

Flavor Version Tinstall Tcheck Ttotal Status Flags
r-devel-linux-x86_64-debian-clang 0.2.0 28.25 180.53 208.78 OK
r-devel-linux-x86_64-debian-gcc 0.2.0 23.77 145.51 169.28 OK
r-devel-linux-x86_64-fedora-clang 0.2.0 253.90 NOTE
r-devel-linux-x86_64-fedora-gcc 0.2.0 251.58 NOTE
r-devel-windows-ix86+x86_64 0.2.0 70.00 280.00 350.00 OK
r-patched-linux-x86_64 0.2.0 26.32 181.78 208.10 OK
r-patched-solaris-x86 0.2.0 427.70 NOTE
r-release-linux-x86_64 0.2.0 27.42 180.40 207.82 OK
r-release-windows-ix86+x86_64 0.2.0 47.00 198.00 245.00 OK
r-release-osx-x86_64 0.2.0 NOTE
r-oldrel-windows-ix86+x86_64 0.2.0 54.00 200.00 254.00 OK
r-oldrel-osx-x86_64 0.2.0 NOTE

Check Details

Version: 0.2.0
Check: dependencies in R code
Result: NOTE
    Namespace in Imports field not imported from: ‘plyr’
     All declared Imports should be used.
Flavors: r-devel-linux-x86_64-fedora-clang, r-devel-linux-x86_64-fedora-gcc, r-patched-solaris-x86, r-release-osx-x86_64, r-oldrel-osx-x86_64