CRAN Package Check Results for Package SEMgraph

Last updated on 2021-10-19 05:51:16 CEST.

Flavor Version Tinstall Tcheck Ttotal Status Flags
r-devel-linux-x86_64-debian-clang 1.0.3 38.57 314.57 353.14 OK
r-devel-linux-x86_64-debian-gcc 1.0.3 29.24 237.52 266.76 OK
r-devel-linux-x86_64-fedora-clang 1.0.3 459.39 OK
r-devel-linux-x86_64-fedora-gcc 1.0.3 440.63 OK
r-devel-windows-x86_64 1.0.3 55.00 374.00 429.00 OK
r-devel-windows-x86_64-gcc10-UCRT 1.0.3 ERROR
r-patched-linux-x86_64 1.0.3 39.17 295.46 334.63 OK
r-patched-solaris-x86 1.0.3 571.80 OK
r-release-linux-x86_64 1.0.3 35.30 295.85 331.15 OK
r-release-macos-arm64 1.0.3 OK
r-release-macos-x86_64 1.0.3 NOTE
r-release-windows-ix86+x86_64 1.0.3 76.00 379.00 455.00 OK
r-oldrel-macos-x86_64 1.0.3 OK
r-oldrel-windows-ix86+x86_64 1.0.3 75.00 322.00 397.00 OK

Check Details

Version: 1.0.3
Check: package dependencies
Result: ERROR
    Package required but not available: 'cate'
    
    See section 'The DESCRIPTION file' in the 'Writing R Extensions'
    manual.
Flavor: r-devel-windows-x86_64-gcc10-UCRT

Version: 1.0.3
Check: package dependencies
Result: NOTE
    Package suggested but not available for checking: ‘org.Hs.eg.db’
Flavor: r-release-macos-x86_64