Last updated on 2024-08-31 23:49:15 CEST.
Flavor | Version | Tinstall | Tcheck | Ttotal | Status | Flags |
---|---|---|---|---|---|---|
r-devel-linux-x86_64-debian-clang | 0.1.0 | 1.68 | 18.47 | 20.15 | OK | |
r-devel-linux-x86_64-debian-gcc | 0.1.0 | 1.45 | 14.69 | 16.14 | OK | |
r-devel-linux-x86_64-fedora-clang | 0.1.0 | 32.38 | NOTE | |||
r-devel-linux-x86_64-fedora-gcc | 0.1.0 | 30.66 | NOTE | |||
r-devel-windows-x86_64 | 0.1.0 | 3.00 | 36.00 | 39.00 | OK | |
r-patched-linux-x86_64 | 0.1.0 | 1.56 | 17.76 | 19.32 | OK | |
r-release-linux-x86_64 | 0.1.0 | 1.71 | 17.83 | 19.54 | OK | |
r-release-macos-arm64 | 0.1.0 | 14.00 | OK | |||
r-release-macos-x86_64 | 0.1.0 | 28.00 | OK | |||
r-release-windows-x86_64 | 0.1.0 | 3.00 | 37.00 | 40.00 | OK | |
r-oldrel-macos-arm64 | 0.1.0 | 17.00 | OK | |||
r-oldrel-macos-x86_64 | 0.1.0 | 32.00 | OK | |||
r-oldrel-windows-x86_64 | 0.1.0 | 7.00 | 34.00 | 41.00 | OK |
Version: 0.1.0
Check: data for non-ASCII characters
Result: NOTE
Note: found 182 marked UTF-8 strings
Flavors: r-devel-linux-x86_64-fedora-clang, r-devel-linux-x86_64-fedora-gcc