Last updated on 2023-06-07 12:00:48 CEST.
Flavor | Version | Tinstall | Tcheck | Ttotal | Status | Flags |
---|---|---|---|---|---|---|
r-devel-linux-x86_64-debian-clang | 1.0.1 | 1.56 | 37.61 | 39.17 | NOTE | |
r-devel-linux-x86_64-debian-gcc | 1.0.1 | 2.04 | 29.71 | 31.75 | NOTE | |
r-devel-linux-x86_64-fedora-clang | 1.0.1 | 56.19 | NOTE | |||
r-devel-linux-x86_64-fedora-gcc | 1.0.1 | 48.85 | NOTE | |||
r-devel-windows-x86_64 | 1.0.1 | 3.00 | 58.00 | 61.00 | NOTE | |
r-patched-linux-x86_64 | 1.0.1 | 2.89 | 36.80 | 39.69 | NOTE | |
r-release-linux-x86_64 | 1.0.1 | 2.26 | 36.35 | 38.61 | NOTE | |
r-release-macos-arm64 | 1.0.1 | 23.00 | NOTE | |||
r-release-macos-x86_64 | 1.0.1 | 29.00 | NOTE | |||
r-release-windows-x86_64 | 1.0.1 | 4.00 | 60.00 | 64.00 | NOTE | |
r-oldrel-macos-arm64 | 1.0.1 | 21.00 | OK | |||
r-oldrel-macos-x86_64 | 1.0.1 | 29.00 | OK | |||
r-oldrel-windows-x86_64 | 1.0.1 | 4.00 | 62.00 | 66.00 | OK |
Version: 1.0.1
Check: Rd files
Result: NOTE
checkRd: (-1) SEset_to_network.Rd:50: Escaped LaTeX specials: \&
checkRd: (-1) network_to_SEset.Rd:72: Escaped LaTeX specials: \&
checkRd: (-1) network_to_path.Rd:50: Escaped LaTeX specials: \&
checkRd: (-1) path_to_network.Rd:29: Escaped LaTeX specials: \&
Flavors: r-devel-linux-x86_64-debian-clang, r-devel-linux-x86_64-debian-gcc, r-devel-linux-x86_64-fedora-clang, r-devel-linux-x86_64-fedora-gcc, r-devel-windows-x86_64, r-patched-linux-x86_64, r-release-linux-x86_64, r-release-macos-arm64, r-release-macos-x86_64, r-release-windows-x86_64