Last updated on 2024-08-31 23:49:15 CEST.
Flavor | Version | Tinstall | Tcheck | Ttotal | Status | Flags |
---|---|---|---|---|---|---|
r-devel-linux-x86_64-debian-clang | 0.1.0 | 47.15 | 336.58 | 383.73 | NOTE | |
r-devel-linux-x86_64-debian-gcc | 0.1.0 | 33.73 | 243.84 | 277.57 | NOTE | |
r-devel-linux-x86_64-fedora-clang | 0.1.0 | 639.68 | NOTE | |||
r-devel-linux-x86_64-fedora-gcc | 0.1.0 | 603.16 | NOTE | |||
r-devel-windows-x86_64 | 0.1.0 | 42.00 | 285.00 | 327.00 | NOTE | |
r-patched-linux-x86_64 | 0.1.0 | 41.31 | 317.93 | 359.24 | NOTE | |
r-release-linux-x86_64 | 0.1.0 | 38.91 | 319.52 | 358.43 | NOTE | |
r-release-macos-arm64 | 0.1.0 | 153.00 | NOTE | |||
r-release-macos-x86_64 | 0.1.0 | 255.00 | NOTE | |||
r-release-windows-x86_64 | 0.1.0 | 43.00 | 6.00 | 49.00 | ERROR | |
r-oldrel-macos-arm64 | 0.1.0 | 10.00 | ERROR | |||
r-oldrel-macos-x86_64 | 0.1.0 | 11.00 | ERROR | |||
r-oldrel-windows-x86_64 | 0.1.0 | 57.00 | 349.00 | 406.00 | NOTE |
Version: 0.1.0
Check: LazyData
Result: NOTE
'LazyData' is specified without a 'data' directory
Flavors: r-devel-linux-x86_64-debian-clang, r-devel-linux-x86_64-debian-gcc, r-devel-linux-x86_64-fedora-clang, r-devel-linux-x86_64-fedora-gcc, r-devel-windows-x86_64, r-patched-linux-x86_64, r-release-linux-x86_64, r-release-macos-arm64, r-release-macos-x86_64, r-oldrel-windows-x86_64
Version: 0.1.0
Check: dependencies in R code
Result: NOTE
Namespace in Imports field not imported from: ‘utils’
All declared Imports should be used.
Flavors: r-devel-linux-x86_64-fedora-clang, r-devel-linux-x86_64-fedora-gcc
Version: 0.1.0
Check: whether package can be installed
Result: ERROR
Installation failed.
Flavor: r-release-windows-x86_64
Version: 0.1.0
Check: package dependencies
Result: ERROR
Package required but not available: ‘GSVA’
See section ‘The DESCRIPTION file’ in the ‘Writing R Extensions’
manual.
Flavors: r-oldrel-macos-arm64, r-oldrel-macos-x86_64