Last updated on 2023-03-24 23:52:20 CET.
Flavor | Version | Tinstall | Tcheck | Ttotal | Status | Flags |
---|---|---|---|---|---|---|
r-devel-linux-x86_64-debian-clang | 0.0.4 | 49.38 | 270.81 | 320.19 | OK | |
r-devel-linux-x86_64-debian-gcc | 0.0.4 | 43.70 | 197.57 | 241.27 | OK | |
r-devel-linux-x86_64-fedora-clang | 0.0.4 | 407.66 | NOTE | |||
r-devel-linux-x86_64-fedora-gcc | 0.0.4 | 403.85 | NOTE | |||
r-devel-windows-x86_64 | 0.0.4 | 82.00 | 298.00 | 380.00 | NOTE | |
r-patched-linux-x86_64 | 0.0.4 | 50.77 | 260.17 | 310.94 | OK | |
r-release-linux-x86_64 | 0.0.4 | 41.09 | 260.48 | 301.57 | OK | |
r-release-macos-arm64 | 0.0.4 | 156.00 | NOTE | |||
r-release-macos-x86_64 | 0.0.4 | 196.00 | NOTE | |||
r-release-windows-x86_64 | 0.0.4 | 80.00 | 287.00 | 367.00 | NOTE | |
r-oldrel-macos-arm64 | 0.0.4 | 156.00 | NOTE | |||
r-oldrel-macos-x86_64 | 0.0.4 | 191.00 | NOTE | |||
r-oldrel-windows-ix86+x86_64 | 0.0.4 | 86.00 | 282.00 | 368.00 | NOTE |
Version: 0.0.4
Check: installed package size
Result: NOTE
installed size is 5.5Mb
sub-directories of 1Mb or more:
data 5.1Mb
Flavors: r-devel-linux-x86_64-fedora-clang, r-devel-windows-x86_64, r-release-macos-arm64, r-release-macos-x86_64, r-release-windows-x86_64, r-oldrel-macos-arm64, r-oldrel-macos-x86_64, r-oldrel-windows-ix86+x86_64
Version: 0.0.4
Check: data for non-ASCII characters
Result: NOTE
Note: found 23 marked UTF-8 strings
Flavors: r-devel-linux-x86_64-fedora-clang, r-devel-linux-x86_64-fedora-gcc, r-release-macos-arm64, r-release-macos-x86_64, r-oldrel-macos-arm64, r-oldrel-macos-x86_64
Version: 0.0.4
Check: R code for possible problems
Result: NOTE
Initiating curl with CURL_SSL_BACKEND: openssl
Flavor: r-oldrel-windows-ix86+x86_64