Last updated on 2024-03-28 23:55:20 CET.
Flavor | Version | Tinstall | Tcheck | Ttotal | Status | Flags |
---|---|---|---|---|---|---|
r-devel-linux-x86_64-debian-clang | 0.5.0 | 177.23 | 170.62 | 347.85 | NOTE | |
r-devel-linux-x86_64-debian-gcc | 0.5.0 | 148.73 | 123.78 | 272.51 | NOTE | |
r-devel-linux-x86_64-fedora-clang | 0.5.0 | 514.91 | NOTE | |||
r-devel-linux-x86_64-fedora-gcc | 0.5.0 | 524.61 | NOTE | |||
r-devel-windows-x86_64 | 0.5.0 | 148.00 | 196.00 | 344.00 | NOTE | |
r-patched-linux-x86_64 | 0.5.0 | 134.04 | 168.24 | 302.28 | NOTE | |
r-release-linux-x86_64 | 0.5.0 | 184.51 | 173.39 | 357.90 | NOTE | |
r-release-macos-arm64 | 0.5.0 | 147.00 | NOTE | |||
r-release-macos-x86_64 | 0.5.0 | 236.00 | NOTE | |||
r-release-windows-x86_64 | 0.5.0 | 177.00 | 232.00 | 409.00 | NOTE | |
r-oldrel-macos-arm64 | 0.5.0 | 131.00 | NOTE | |||
r-oldrel-windows-x86_64 | 0.5.0 | 180.00 | 227.00 | 407.00 | OK |
Version: 0.5.0
Check: C++ specification
Result: NOTE
Specified C++11: please drop specification unless essential
Flavors: r-devel-linux-x86_64-debian-clang, r-devel-linux-x86_64-debian-gcc, r-devel-linux-x86_64-fedora-clang, r-devel-linux-x86_64-fedora-gcc, r-devel-windows-x86_64, r-patched-linux-x86_64, r-release-linux-x86_64, r-release-macos-arm64, r-release-macos-x86_64, r-release-windows-x86_64
Version: 0.5.0
Check: dependencies in R code
Result: NOTE
Namespaces in Imports field not imported from:
‘checkmate’ ‘glmnet’ ‘mice’
All declared Imports should be used.
Flavors: r-devel-linux-x86_64-fedora-clang, r-devel-linux-x86_64-fedora-gcc, r-oldrel-macos-arm64
Version: 0.5.0
Check: installed package size
Result: NOTE
installed size is 9.4Mb
sub-directories of 1Mb or more:
libs 8.9Mb
Flavors: r-release-macos-arm64, r-release-macos-x86_64, r-oldrel-macos-arm64
Version: 0.5.0
Check: package dependencies
Result: NOTE
Package suggested but not available for checking: ‘caret’
Flavor: r-release-macos-x86_64
Version: 0.5.0
Check: Rd cross-references
Result: NOTE
Package unavailable to check Rd xrefs: ‘caret’
Flavor: r-release-macos-x86_64