CRAN Package Check Results for Package SMITIDvisu

Last updated on 2019-10-22 23:47:37 CEST.

Flavor Version Tinstall Tcheck Ttotal Status Flags
r-devel-linux-x86_64-debian-clang 0.0.6 19.72 28.64 48.36 OK
r-devel-linux-x86_64-debian-gcc 0.0.6 12.53 23.44 35.97 OK
r-devel-linux-x86_64-fedora-clang 0.0.6 61.88 OK
r-devel-linux-x86_64-fedora-gcc 0.0.6 58.17 OK
r-devel-windows-ix86+x86_64 0.0.6 41.00 58.00 99.00 OK
r-patched-linux-x86_64 0.0.6 13.32 28.60 41.92 OK
r-patched-solaris-x86 0.0.6 76.20 OK
r-release-linux-x86_64 0.0.6 14.13 28.56 42.69 OK
r-release-windows-ix86+x86_64 0.0.6 47.00 64.00 111.00 OK
r-release-osx-x86_64 0.0.6 NOTE
r-oldrel-windows-ix86+x86_64 0.0.6 44.00 85.00 129.00 OK
r-oldrel-osx-x86_64 0.0.6 OK

Check Details

Version: 0.0.6
Check: package dependencies
Result: NOTE
    Package suggested but not available for checking: ‘SMITIDstruct’
Flavor: r-release-osx-x86_64