Last updated on 2024-04-25 17:50:06 CEST.
Flavor | Version | Tinstall | Tcheck | Ttotal | Status | Flags |
---|---|---|---|---|---|---|
r-devel-linux-x86_64-debian-clang | 0.0.9 | 22.31 | 42.50 | 64.81 | NOTE | |
r-devel-linux-x86_64-debian-gcc | 0.0.9 | 16.94 | 32.48 | 49.42 | NOTE | |
r-devel-linux-x86_64-fedora-clang | 0.0.9 | 89.69 | NOTE | |||
r-devel-linux-x86_64-fedora-gcc | 0.0.9 | 82.52 | NOTE | |||
r-devel-windows-x86_64 | 0.0.9 | 21.00 | 69.00 | 90.00 | NOTE | |
r-patched-linux-x86_64 | 0.0.9 | 20.70 | 40.38 | 61.08 | NOTE | |
r-release-linux-x86_64 | 0.0.9 | 18.01 | 40.65 | 58.66 | NOTE | |
r-release-macos-arm64 | 0.0.9 | 28.00 | NOTE | |||
r-release-windows-x86_64 | 0.0.9 | 19.00 | 71.00 | 90.00 | NOTE | |
r-oldrel-macos-arm64 | 0.0.9 | 31.00 | NOTE | |||
r-oldrel-macos-x86_64 | 0.0.9 | 47.00 | NOTE | |||
r-oldrel-windows-x86_64 | 0.0.9 | 25.00 | 89.00 | 114.00 | NOTE |
Version: 0.0.9
Check: C++ specification
Result: NOTE
Specified C++11: please drop specification unless essential
Flavors: r-devel-linux-x86_64-debian-clang, r-devel-linux-x86_64-debian-gcc, r-devel-linux-x86_64-fedora-clang, r-devel-linux-x86_64-fedora-gcc, r-devel-windows-x86_64, r-patched-linux-x86_64, r-release-linux-x86_64, r-release-macos-arm64, r-release-windows-x86_64, r-oldrel-macos-arm64, r-oldrel-macos-x86_64, r-oldrel-windows-x86_64