CRAN Package Check Results for Package SMME

Last updated on 2023-09-23 11:50:29 CEST.

Flavor Version Tinstall Tcheck Ttotal Status Flags
r-devel-linux-x86_64-debian-clang 1.1.1 58.92 37.52 96.44 NOTE
r-devel-linux-x86_64-debian-gcc 1.1.1 32.05 30.15 62.20 NOTE
r-devel-linux-x86_64-fedora-clang 1.1.1 121.13 NOTE
r-devel-linux-x86_64-fedora-gcc 1.1.1 124.79 NOTE
r-devel-windows-x86_64 1.1.1 37.00 70.00 107.00 NOTE
r-patched-linux-x86_64 1.1.1 47.54 35.06 82.60 NOTE
r-release-linux-x86_64 1.1.1 49.33 34.96 84.29 NOTE
r-release-macos-arm64 1.1.1 37.00 NOTE
r-release-macos-x86_64 1.1.1 59.00 NOTE
r-release-windows-x86_64 1.1.1 47.00 80.00 127.00 NOTE
r-oldrel-macos-arm64 1.1.1 38.00 OK
r-oldrel-macos-x86_64 1.1.1 47.00 OK
r-oldrel-windows-x86_64 1.1.1 47.00 76.00 123.00 OK

Check Details

Version: 1.1.1
Check: C++ specification
Result: NOTE
     Specified C++11: please drop specification unless essential
Flavors: r-devel-linux-x86_64-debian-clang, r-devel-linux-x86_64-debian-gcc, r-devel-linux-x86_64-fedora-clang, r-devel-linux-x86_64-fedora-gcc, r-devel-windows-x86_64, r-patched-linux-x86_64, r-release-linux-x86_64, r-release-macos-arm64, r-release-macos-x86_64, r-release-windows-x86_64