CRAN Package Check Results for Package SNPknock

Last updated on 2019-05-20 22:53:53 CEST.

Flavor Version Tinstall Tcheck Ttotal Status Flags
r-devel-linux-x86_64-debian-clang 0.8.2 61.20 196.81 258.01 OK
r-devel-linux-x86_64-debian-gcc 0.8.2 49.29 141.67 190.96 OK
r-devel-linux-x86_64-fedora-clang 0.8.2 321.14 NOTE
r-devel-linux-x86_64-fedora-gcc 0.8.2 309.05 OK
r-devel-windows-ix86+x86_64 0.8.2 211.00 331.00 542.00 NOTE
r-patched-linux-x86_64 0.8.2 59.01 192.29 251.30 OK
r-patched-solaris-x86 0.8.2 465.80 OK
r-release-linux-x86_64 0.7.1 28.12 133.31 161.43 OK
r-release-windows-ix86+x86_64 0.8.2 222.00 416.00 638.00 NOTE
r-release-osx-x86_64 0.8.2 NOTE
r-oldrel-windows-ix86+x86_64 0.8.2 165.00 290.00 455.00 NOTE
r-oldrel-osx-x86_64 0.8.2 NOTE

Check Details

Version: 0.8.2
Check: installed package size
Result: NOTE
     installed size is 5.8Mb
     sub-directories of 1Mb or more:
     extdata 3.1Mb
     libs 2.4Mb
Flavors: r-devel-linux-x86_64-fedora-clang, r-devel-windows-ix86+x86_64, r-release-windows-ix86+x86_64, r-release-osx-x86_64, r-oldrel-windows-ix86+x86_64, r-oldrel-osx-x86_64