CRAN Package Check Results for Package SNPmaxsel

Last updated on 2019-04-19 17:50:14 CEST.

Flavor Version Tinstall Tcheck Ttotal Status Flags
r-devel-linux-x86_64-debian-clang 1.0-3 2.21 21.35 23.56 NOTE
r-devel-linux-x86_64-debian-gcc 1.0-3 1.79 17.18 18.97 NOTE
r-devel-linux-x86_64-fedora-clang 1.0-3 27.82 NOTE
r-devel-linux-x86_64-fedora-gcc 1.0-3 26.63 NOTE
r-devel-windows-ix86+x86_64 1.0-3 4.00 34.00 38.00 NOTE
r-patched-linux-x86_64 1.0-3 2.23 21.13 23.36 NOTE
r-patched-solaris-x86 1.0-3 43.40 NOTE
r-release-linux-x86_64 1.0-3 1.32 20.06 21.38 NOTE
r-release-windows-ix86+x86_64 1.0-3 3.00 33.00 36.00 NOTE
r-release-osx-x86_64 1.0-3 NOTE
r-oldrel-windows-ix86+x86_64 1.0-3 2.00 30.00 32.00 NOTE
r-oldrel-osx-x86_64 1.0-3 NOTE

Check Details

Version: 1.0-3
Check: DESCRIPTION meta-information
Result: NOTE
    Packages listed in more than one of Depends, Imports, Suggests, Enhances:
     'mvtnorm' 'combinat'
    A package should be listed in only one of these fields.
Flavors: r-devel-linux-x86_64-debian-clang, r-devel-linux-x86_64-debian-gcc, r-devel-linux-x86_64-fedora-clang, r-devel-linux-x86_64-fedora-gcc, r-devel-windows-ix86+x86_64, r-patched-linux-x86_64, r-patched-solaris-x86, r-release-linux-x86_64, r-release-windows-ix86+x86_64, r-release-osx-x86_64, r-oldrel-windows-ix86+x86_64, r-oldrel-osx-x86_64

Version: 1.0-3
Check: R code for possible problems
Result: NOTE
    chisq.test.a: no visible global function definition for 'chisq.test'
    maxsel: no visible global function definition for 'complete.cases'
    maxsel.asymp.test: no visible global function definition for
     'complete.cases'
    Undefined global functions or variables:
     chisq.test complete.cases
    Consider adding
     importFrom("stats", "chisq.test", "complete.cases")
    to your NAMESPACE file.
Flavors: r-devel-linux-x86_64-debian-clang, r-devel-linux-x86_64-debian-gcc, r-devel-linux-x86_64-fedora-clang, r-devel-linux-x86_64-fedora-gcc, r-devel-windows-ix86+x86_64, r-patched-linux-x86_64, r-patched-solaris-x86, r-release-linux-x86_64, r-release-windows-ix86+x86_64, r-release-osx-x86_64, r-oldrel-windows-ix86+x86_64, r-oldrel-osx-x86_64

Version: 1.0-3
Check: Rd files
Result: NOTE
    prepare_Rd: maxsel.rd:27-29: Dropping empty section \details
    prepare_Rd: transf.inter.rd:23-25: Dropping empty section \details
Flavors: r-release-linux-x86_64, r-release-windows-ix86+x86_64, r-release-osx-x86_64, r-oldrel-windows-ix86+x86_64, r-oldrel-osx-x86_64