Last updated on 2023-06-07 10:58:50 CEST.
Flavor | Version | Tinstall | Tcheck | Ttotal | Status | Flags |
---|---|---|---|---|---|---|
r-devel-linux-x86_64-debian-clang | 1.3 | 9.07 | 129.86 | 138.93 | OK | |
r-devel-linux-x86_64-debian-gcc | 1.3 | 7.81 | 94.09 | 101.90 | OK | |
r-devel-linux-x86_64-fedora-clang | 1.3 | 171.33 | NOTE | |||
r-devel-linux-x86_64-fedora-gcc | 1.3 | 162.99 | NOTE | |||
r-devel-windows-x86_64 | 1.3 | 9.00 | 118.00 | 127.00 | OK | |
r-patched-linux-x86_64 | 1.3 | 11.71 | 125.75 | 137.46 | OK | |
r-release-linux-x86_64 | 1.3 | 8.22 | 124.26 | 132.48 | OK | |
r-release-macos-arm64 | 1.3 | 48.00 | OK | |||
r-release-macos-x86_64 | 1.3 | 78.00 | OK | |||
r-release-windows-x86_64 | 1.3 | 12.00 | 138.00 | 150.00 | OK | |
r-oldrel-macos-arm64 | 1.3 | 48.00 | NOTE | |||
r-oldrel-macos-x86_64 | 1.3 | 64.00 | NOTE | |||
r-oldrel-windows-x86_64 | 1.3 | 12.00 | 149.00 | 161.00 | OK |
Version: 1.3
Check: dependencies in R code
Result: NOTE
Namespaces in Imports field not imported from:
‘iterators’ ‘itertools’
All declared Imports should be used.
Flavors: r-devel-linux-x86_64-fedora-clang, r-devel-linux-x86_64-fedora-gcc, r-oldrel-macos-arm64, r-oldrel-macos-x86_64