Last updated on 2024-08-31 23:49:16 CEST.
Flavor | Version | Tinstall | Tcheck | Ttotal | Status | Flags |
---|---|---|---|---|---|---|
r-devel-linux-x86_64-debian-clang | 1.2.0 | 18.25 | 440.03 | 458.28 | NOTE | |
r-devel-linux-x86_64-debian-gcc | 1.2.0 | 13.20 | 380.15 | 393.35 | NOTE | |
r-devel-linux-x86_64-fedora-clang | 1.2.0 | 795.81 | NOTE | |||
r-devel-linux-x86_64-fedora-gcc | 1.2.0 | 893.46 | NOTE | |||
r-devel-windows-x86_64 | 1.2.0 | 25.00 | 646.00 | 671.00 | NOTE | |
r-patched-linux-x86_64 | 1.2.0 | 26.15 | 479.05 | 505.20 | OK | |
r-release-linux-x86_64 | 1.2.0 | 17.70 | 478.38 | 496.08 | OK | |
r-release-macos-arm64 | 1.2.0 | 284.00 | OK | |||
r-release-macos-x86_64 | 1.2.0 | 426.00 | OK | |||
r-release-windows-x86_64 | 1.2.0 | 23.00 | 688.00 | 711.00 | OK | |
r-oldrel-macos-arm64 | 1.2.0 | 350.00 | OK | |||
r-oldrel-macos-x86_64 | 1.2.0 | 502.00 | OK | |||
r-oldrel-windows-x86_64 | 1.2.0 | 28.00 | 720.00 | 748.00 | OK |
Version: 1.2.0
Check: Rd cross-references
Result: NOTE
Found the following Rd file(s) with Rd \link{} targets missing package
anchors:
model_parallel.Rd: future_lapply
Please provide package anchors for all Rd \link{} targets not in the
package itself and the base packages.
Flavors: r-devel-linux-x86_64-debian-clang, r-devel-linux-x86_64-debian-gcc, r-devel-windows-x86_64
Version: 1.2.0
Check: dependencies in R code
Result: NOTE
Namespaces in Imports field not imported from:
‘future’ ‘geosphere’ ‘lubridate’ ‘tidyverse’ ‘viridis’
All declared Imports should be used.
Flavors: r-devel-linux-x86_64-fedora-clang, r-devel-linux-x86_64-fedora-gcc