Last updated on 2023-03-30 13:51:54 CEST.
Flavor | Version | Tinstall | Tcheck | Ttotal | Status | Flags |
---|---|---|---|---|---|---|
r-devel-linux-x86_64-debian-clang | 1.2.0 | 29.52 | 622.44 | 651.96 | OK | |
r-devel-linux-x86_64-debian-gcc | 1.2.0 | 22.74 | 502.74 | 525.48 | OK | |
r-devel-linux-x86_64-fedora-clang | 1.2.0 | 791.00 | NOTE | |||
r-devel-linux-x86_64-fedora-gcc | 1.2.0 | 898.03 | NOTE | |||
r-devel-windows-x86_64 | 1.2.0 | 48.00 | 794.00 | 842.00 | OK | |
r-patched-linux-x86_64 | 1.2.0 | 30.78 | 677.35 | 708.13 | OK | |
r-release-linux-x86_64 | 1.2.0 | 17.21 | 691.24 | 708.45 | OK | |
r-release-macos-arm64 | 1.2.0 | 292.00 | NOTE | |||
r-release-macos-x86_64 | 1.2.0 | 337.00 | NOTE | |||
r-release-windows-x86_64 | 1.2.0 | 37.00 | 811.00 | 848.00 | OK | |
r-oldrel-macos-arm64 | 1.2.0 | 295.00 | NOTE | |||
r-oldrel-macos-x86_64 | 1.2.0 | 342.00 | NOTE | |||
r-oldrel-windows-ix86+x86_64 | 1.2.0 | 71.00 | 895.00 | 966.00 | OK |
Version: 1.2.0
Check: dependencies in R code
Result: NOTE
Namespaces in Imports field not imported from:
‘future’ ‘geosphere’ ‘lubridate’ ‘tidyverse’ ‘viridis’
All declared Imports should be used.
Flavors: r-devel-linux-x86_64-fedora-clang, r-devel-linux-x86_64-fedora-gcc, r-release-macos-arm64, r-release-macos-x86_64, r-oldrel-macos-arm64, r-oldrel-macos-x86_64