CRAN Package Check Results for Package SPAS

Last updated on 2021-06-19 17:50:31 CEST.

Flavor Version Tinstall Tcheck Ttotal Status Flags
r-devel-linux-x86_64-debian-clang 2020.1.1 80.57 97.11 177.68 OK
r-devel-linux-x86_64-debian-gcc 2020.1.1 61.03 74.73 135.76 OK
r-devel-linux-x86_64-fedora-clang 2020.1.1 240.71 NOTE
r-devel-linux-x86_64-fedora-gcc 2020.1.1 237.97 OK
r-devel-windows-x86_64 2020.1.1 76.00 93.00 169.00 NOTE
r-devel-windows-x86_64-gcc10-UCRT 2020.1.1 OK
r-patched-linux-x86_64 2020.1.1 67.55 93.64 161.19 OK
r-patched-solaris-x86 2020.1.1 241.90 OK
r-release-linux-x86_64 2020.1.1 64.28 92.94 157.22 OK
r-release-macos-arm64 2020.1.1 NOTE
r-release-macos-x86_64 2020.1.1 NOTE
r-release-windows-ix86+x86_64 2020.1.1 142.00 162.00 304.00 NOTE
r-oldrel-macos-x86_64 2020.1.1 NOTE
r-oldrel-windows-ix86+x86_64 2020.1.1 108.00 165.00 273.00 NOTE

Check Details

Version: 2020.1.1
Check: installed package size
Result: NOTE
     installed size is 16.8Mb
     sub-directories of 1Mb or more:
     libs 16.1Mb
Flavors: r-devel-linux-x86_64-fedora-clang, r-devel-windows-x86_64, r-release-macos-arm64, r-release-macos-x86_64, r-release-windows-ix86+x86_64, r-oldrel-macos-x86_64, r-oldrel-windows-ix86+x86_64