Last updated on 2023-06-06 01:03:41 CEST.
Flavor | Version | Tinstall | Tcheck | Ttotal | Status | Flags |
---|---|---|---|---|---|---|
r-devel-linux-x86_64-debian-clang | 0.1.0 | 50.08 | 99.13 | 149.21 | NOTE | |
r-devel-linux-x86_64-debian-gcc | 0.1.0 | 39.93 | 72.97 | 112.90 | NOTE | |
r-devel-linux-x86_64-fedora-clang | 0.1.0 | 194.38 | NOTE | |||
r-devel-linux-x86_64-fedora-gcc | 0.1.0 | 183.40 | NOTE | |||
r-devel-windows-x86_64 | 0.1.0 | 41.00 | 107.00 | 148.00 | NOTE | |
r-patched-linux-x86_64 | 0.1.0 | 43.16 | 88.65 | 131.81 | NOTE | |
r-release-linux-x86_64 | 0.1.0 | 37.14 | 89.46 | 126.60 | NOTE | |
r-release-macos-arm64 | 0.1.0 | 44.00 | NOTE | |||
r-release-macos-x86_64 | 0.1.0 | 66.00 | NOTE | |||
r-release-windows-x86_64 | 0.1.0 | 51.00 | 132.00 | 183.00 | NOTE | |
r-oldrel-macos-arm64 | 0.1.0 | 46.00 | NOTE | |||
r-oldrel-macos-x86_64 | 0.1.0 | 64.00 | NOTE | |||
r-oldrel-windows-x86_64 | 0.1.0 | 49.00 | 128.00 | 177.00 | OK |
Version: 0.1.0
Check: C++ specification
Result: NOTE
Specified C++11: please drop specification unless essential
Flavors: r-devel-linux-x86_64-debian-clang, r-devel-linux-x86_64-debian-gcc, r-devel-linux-x86_64-fedora-clang, r-devel-linux-x86_64-fedora-gcc, r-devel-windows-x86_64, r-patched-linux-x86_64, r-release-linux-x86_64, r-release-macos-arm64, r-release-macos-x86_64, r-release-windows-x86_64
Version: 0.1.0
Check: dependencies in R code
Result: NOTE
Namespaces in Imports field not imported from:
‘Rcpp’ ‘progress’
All declared Imports should be used.
Flavors: r-devel-linux-x86_64-fedora-clang, r-devel-linux-x86_64-fedora-gcc, r-oldrel-macos-arm64, r-oldrel-macos-x86_64