Last updated on 2024-08-31 23:49:16 CEST.
Flavor | Version | Tinstall | Tcheck | Ttotal | Status | Flags |
---|---|---|---|---|---|---|
r-devel-linux-x86_64-debian-clang | 1.6.3 | 25.52 | 67.03 | 92.55 | OK | |
r-devel-linux-x86_64-debian-gcc | 1.6.3 | 22.48 | 45.30 | 67.78 | OK | |
r-devel-linux-x86_64-fedora-clang | 1.6.3 | 154.60 | OK | |||
r-devel-linux-x86_64-fedora-gcc | 1.6.3 | 142.39 | OK | |||
r-devel-windows-x86_64 | 1.6.3 | 30.00 | 89.00 | 119.00 | OK | |
r-patched-linux-x86_64 | 1.6.3 | 25.17 | 63.29 | 88.46 | OK | |
r-release-linux-x86_64 | 1.6.3 | 24.99 | 62.60 | 87.59 | OK | |
r-release-macos-arm64 | 1.6.3 | 54.00 | NOTE | |||
r-release-macos-x86_64 | 1.6.3 | 79.00 | NOTE | |||
r-release-windows-x86_64 | 1.6.3 | 32.00 | 87.00 | 119.00 | OK | |
r-oldrel-macos-arm64 | 1.6.3 | 62.00 | NOTE | |||
r-oldrel-macos-x86_64 | 1.6.3 | 122.00 | NOTE | |||
r-oldrel-windows-x86_64 | 1.6.3 | 34.00 | 103.00 | 137.00 | OK |
Version: 1.6.3
Check: installed package size
Result: NOTE
installed size is 5.7Mb
sub-directories of 1Mb or more:
data 5.4Mb
Flavors: r-release-macos-arm64, r-release-macos-x86_64, r-oldrel-macos-arm64, r-oldrel-macos-x86_64