CRAN Package Check Results for Package SRCS

Last updated on 2021-07-31 23:50:43 CEST.

Flavor Version Tinstall Tcheck Ttotal Status Flags
r-devel-linux-x86_64-debian-clang 1.1 5.02 39.58 44.60 OK
r-devel-linux-x86_64-debian-gcc 1.1 3.76 30.58 34.34 OK
r-devel-linux-x86_64-fedora-clang 1.1 62.39 NOTE
r-devel-linux-x86_64-fedora-gcc 1.1 52.30 OK
r-devel-windows-x86_64 1.1 7.00 61.00 68.00 OK
r-devel-windows-x86_64-gcc10-UCRT 1.1 OK
r-patched-linux-x86_64 1.1 OK
r-patched-solaris-x86 1.1 87.70 OK
r-release-linux-x86_64 1.1 4.02 38.05 42.07 OK
r-release-macos-arm64 1.1 OK
r-release-macos-x86_64 1.1 OK
r-release-windows-ix86+x86_64 1.1 9.00 43.00 52.00 OK
r-oldrel-macos-x86_64 1.1 OK
r-oldrel-windows-ix86+x86_64 1.1 7.00 59.00 66.00 OK

Check Details

Version: 1.1
Check: Rd cross-references
Result: NOTE
    Undeclared packages ‘RColorBrewer’, ‘colorspace’ in Rd xrefs
Flavor: r-devel-linux-x86_64-fedora-clang