CRAN Package Check Results for Package SUMMER

Last updated on 2021-08-01 23:49:44 CEST.

Flavor Version Tinstall Tcheck Ttotal Status Flags
r-devel-linux-x86_64-debian-clang 1.2.0 23.32 146.86 170.18 NOTE
r-devel-linux-x86_64-debian-gcc 1.2.0 17.97 106.09 124.06 NOTE
r-devel-linux-x86_64-fedora-clang 1.2.0 210.41 OK
r-devel-linux-x86_64-fedora-gcc 1.2.0 196.99 OK
r-devel-windows-x86_64 1.2.0 33.00 167.00 200.00 OK
r-devel-windows-x86_64-gcc10-UCRT 1.2.0 NOTE
r-patched-linux-x86_64 1.2.0 NOTE
r-patched-solaris-x86 1.2.0 258.80 NOTE --no-vignettes
r-release-linux-x86_64 1.2.0 21.16 135.94 157.10 NOTE
r-release-macos-arm64 1.2.0 NOTE
r-release-macos-x86_64 1.2.0 NOTE
r-release-windows-ix86+x86_64 1.2.0 43.00 162.00 205.00 OK
r-oldrel-macos-x86_64 1.2.0 NOTE
r-oldrel-windows-ix86+x86_64 1.2.0 33.00 162.00 195.00 OK

Check Details

Version: 1.2.0
Check: package dependencies
Result: NOTE
    Package suggested but not available for checking: 'INLA'
Flavors: r-devel-linux-x86_64-debian-clang, r-devel-linux-x86_64-debian-gcc, r-devel-windows-x86_64-gcc10-UCRT, r-patched-linux-x86_64, r-release-linux-x86_64, r-release-macos-arm64, r-release-macos-x86_64, r-oldrel-macos-x86_64

Version: 1.2.0
Flags: --no-vignettes
Check: package dependencies
Result: NOTE
    Package suggested but not available for checking: ‘INLA’
Flavor: r-patched-solaris-x86

Version: 1.2.0
Flags: --no-vignettes
Check: installed package size
Result: NOTE
     installed size is 5.6Mb
     sub-directories of 1Mb or more:
     data 2.0Mb
     doc 2.8Mb
Flavor: r-patched-solaris-x86