Last updated on 2024-04-20 05:59:06 CEST.
Flavor | Version | Tinstall | Tcheck | Ttotal | Status | Flags |
---|---|---|---|---|---|---|
r-devel-linux-x86_64-debian-clang | 0.1.0 | 6.77 | 63.10 | 69.87 | NOTE | |
r-devel-linux-x86_64-debian-gcc | 0.1.0 | 5.76 | 45.63 | 51.39 | NOTE | |
r-devel-linux-x86_64-fedora-clang | 0.1.0 | 85.90 | NOTE | |||
r-devel-linux-x86_64-fedora-gcc | 0.1.0 | 78.83 | NOTE | |||
r-prerel-macos-arm64 | 0.1.0 | 30.00 | NOTE | |||
r-prerel-windows-x86_64 | 0.1.0 | 7.00 | 68.00 | 75.00 | NOTE | |
r-patched-linux-x86_64 | 0.1.0 | 6.20 | 57.54 | 63.74 | NOTE | |
r-release-linux-x86_64 | 0.1.0 | 4.41 | 58.00 | 62.41 | NOTE | |
r-release-macos-arm64 | 0.1.0 | 26.00 | NOTE | |||
r-release-macos-x86_64 | 0.1.0 | 39.00 | NOTE | |||
r-release-windows-x86_64 | 0.1.0 | 9.00 | 76.00 | 85.00 | NOTE | |
r-oldrel-macos-arm64 | 0.1.0 | 27.00 | NOTE | |||
r-oldrel-windows-x86_64 | 0.1.0 | 10.00 | 79.00 | 89.00 | NOTE |
Version: 0.1.0
Check: LazyData
Result: NOTE
'LazyData' is specified without a 'data' directory
Flavors: r-devel-linux-x86_64-debian-clang, r-devel-linux-x86_64-debian-gcc, r-devel-linux-x86_64-fedora-clang, r-devel-linux-x86_64-fedora-gcc, r-prerel-macos-arm64, r-prerel-windows-x86_64, r-patched-linux-x86_64, r-release-linux-x86_64, r-release-macos-arm64, r-release-macos-x86_64, r-release-windows-x86_64, r-oldrel-macos-arm64, r-oldrel-windows-x86_64
Version: 0.1.0
Check: dependencies in R code
Result: NOTE
Namespace in Imports field not imported from: ‘tibble’
All declared Imports should be used.
Flavors: r-devel-linux-x86_64-fedora-clang, r-devel-linux-x86_64-fedora-gcc, r-oldrel-macos-arm64