CRAN Package Check Results for Package SanzCircos

Last updated on 2019-11-13 23:54:06 CET.

Flavor Version Tinstall Tcheck Ttotal Status Flags
r-devel-linux-x86_64-debian-clang 0.1.0 7.21 53.83 61.04 OK
r-devel-linux-x86_64-debian-gcc 0.1.0 6.02 41.01 47.03 OK
r-devel-linux-x86_64-fedora-clang 0.1.0 52.92 NOTE
r-devel-linux-x86_64-fedora-gcc 0.1.0 51.56 NOTE
r-devel-windows-ix86+x86_64 0.1.0 23.00 60.00 83.00 OK
r-patched-linux-x86_64 0.1.0 6.59 51.57 58.16 OK
r-patched-solaris-x86 0.1.0 83.70 NOTE
r-release-linux-x86_64 0.1.0 6.81 51.53 58.34 OK
r-release-windows-ix86+x86_64 0.1.0 22.00 63.00 85.00 OK
r-release-osx-x86_64 0.1.0 NOTE
r-oldrel-windows-ix86+x86_64 0.1.0 9.00 84.00 93.00 OK
r-oldrel-osx-x86_64 0.1.0 NOTE

Check Details

Version: 0.1.0
Check: dependencies in R code
Result: NOTE
    Namespaces in Imports field not imported from:
     ‘purrr’ ‘tidyr’
     All declared Imports should be used.
Flavors: r-devel-linux-x86_64-fedora-clang, r-devel-linux-x86_64-fedora-gcc, r-patched-solaris-x86, r-release-osx-x86_64, r-oldrel-osx-x86_64