CRAN Package Check Results for Package ScottKnott

Last updated on 2024-07-22 11:56:36 CEST.

Flavor Version Tinstall Tcheck Ttotal Status Flags
r-devel-linux-x86_64-debian-clang 1.3-2 14.43 103.29 117.72 OK
r-devel-linux-x86_64-debian-gcc 1.3-2 9.87 78.23 88.10 NOTE
r-devel-linux-x86_64-fedora-clang 1.3-2 150.11 OK
r-devel-linux-x86_64-fedora-gcc 1.3-2 136.90 OK
r-devel-windows-x86_64 1.3-2 13.00 90.00 103.00 NOTE
r-patched-linux-x86_64 1.3-2 15.44 101.84 117.28 OK
r-release-linux-x86_64 1.3-2 8.15 102.92 111.07 OK
r-release-macos-arm64 1.3-2 39.00 OK
r-release-macos-x86_64 1.3-2 61.00 OK
r-release-windows-x86_64 1.3-2 11.00 91.00 102.00 OK
r-oldrel-macos-arm64 1.3-2 46.00 OK
r-oldrel-macos-x86_64 1.3-2 110.00 OK
r-oldrel-windows-x86_64 1.3-2 15.00 111.00 126.00 OK

Check Details

Version: 1.3-2
Check: Rd cross-references
Result: NOTE Found the following Rd file(s) with Rd \link{} targets missing package anchors: xtable.SK.Rd: xtable Please provide package anchors for all Rd \link{} targets not in the package itself and the base packages. Flavors: r-devel-linux-x86_64-debian-gcc, r-devel-windows-x86_64