Last updated on 2023-06-07 12:00:47 CEST.
Flavor | Version | Tinstall | Tcheck | Ttotal | Status | Flags |
---|---|---|---|---|---|---|
r-devel-linux-x86_64-debian-clang | 1.0 | 3.94 | 31.39 | 35.33 | NOTE | |
r-devel-linux-x86_64-debian-gcc | 1.0 | 3.44 | 23.55 | 26.99 | NOTE | |
r-devel-linux-x86_64-fedora-clang | 1.0 | 46.37 | NOTE | |||
r-devel-linux-x86_64-fedora-gcc | 1.0 | 41.76 | NOTE | |||
r-devel-windows-x86_64 | 1.0 | 5.00 | 46.00 | 51.00 | NOTE | |
r-patched-linux-x86_64 | 1.0 | 3.11 | 29.25 | 32.36 | NOTE | |
r-release-linux-x86_64 | 1.0 | 4.30 | 29.49 | 33.79 | NOTE | |
r-release-macos-arm64 | 1.0 | 19.00 | NOTE | |||
r-release-macos-x86_64 | 1.0 | 26.00 | NOTE | |||
r-release-windows-x86_64 | 1.0 | 6.00 | 47.00 | 53.00 | NOTE | |
r-oldrel-macos-arm64 | 1.0 | 27.00 | NOTE | |||
r-oldrel-macos-x86_64 | 1.0 | 33.00 | NOTE | |||
r-oldrel-windows-x86_64 | 1.0 | 6.00 | 49.00 | 55.00 | NOTE |
Version: 1.0
Check: LazyData
Result: NOTE
'LazyData' is specified without a 'data' directory
Flavors: r-devel-linux-x86_64-debian-clang, r-devel-linux-x86_64-debian-gcc, r-devel-linux-x86_64-fedora-clang, r-devel-linux-x86_64-fedora-gcc, r-devel-windows-x86_64, r-patched-linux-x86_64, r-release-linux-x86_64, r-release-macos-arm64, r-release-macos-x86_64, r-release-windows-x86_64, r-oldrel-macos-arm64, r-oldrel-macos-x86_64, r-oldrel-windows-x86_64