CRAN Package Check Results for Package SelvarMix

Last updated on 2019-05-20 12:05:54 CEST.

Flavor Version Tinstall Tcheck Ttotal Status Flags
r-devel-linux-x86_64-debian-clang 1.2.1 116.01 30.24 146.25 OK
r-devel-linux-x86_64-debian-gcc 1.2.1 100.87 24.45 125.32 OK
r-devel-linux-x86_64-fedora-clang 1.2.1 233.23 NOTE
r-devel-linux-x86_64-fedora-gcc 1.2.1 236.16 OK
r-devel-windows-ix86+x86_64 1.2.1 303.00 85.00 388.00 OK
r-patched-linux-x86_64 1.2.1 121.39 30.11 151.50 OK
r-patched-solaris-x86 1.2.1 222.50 OK
r-release-linux-x86_64 1.2.1 120.07 30.38 150.45 OK
r-release-windows-ix86+x86_64 1.2.1 298.00 79.00 377.00 OK
r-release-osx-x86_64 1.2.1 OK
r-oldrel-windows-ix86+x86_64 1.2.1 214.00 59.00 273.00 OK
r-oldrel-osx-x86_64 1.2.1 OK

Check Details

Version: 1.2.1
Check: installed package size
Result: NOTE
     installed size is 5.4Mb
     sub-directories of 1Mb or more:
     libs 5.2Mb
Flavor: r-devel-linux-x86_64-fedora-clang