CRAN Package Check Results for Package SelvarMix

Last updated on 2019-03-18 23:51:25 CET.

Flavor Version Tinstall Tcheck Ttotal Status Flags
r-devel-linux-x86_64-debian-clang 1.2.1 117.58 30.52 148.10 OK
r-devel-linux-x86_64-debian-gcc 1.2.1 100.58 24.36 124.94 OK
r-devel-linux-x86_64-fedora-clang 1.2.1 229.10 NOTE
r-devel-linux-x86_64-fedora-gcc 1.2.1 219.91 OK
r-devel-windows-ix86+x86_64 1.2.1 277.00 82.00 359.00 OK
r-patched-linux-x86_64 1.2.1 116.26 28.35 144.61 OK
r-patched-solaris-x86 1.2.1 199.10 OK
r-release-linux-x86_64 1.2.1 125.03 28.45 153.48 OK
r-release-windows-ix86+x86_64 1.2.1 283.00 66.00 349.00 OK
r-release-osx-x86_64 1.2.1 OK
r-oldrel-windows-ix86+x86_64 1.2.1 238.00 81.00 319.00 OK
r-oldrel-osx-x86_64 1.2.1 OK

Check Details

Version: 1.2.1
Check: installed package size
Result: NOTE
     installed size is 5.8Mb
     sub-directories of 1Mb or more:
     libs 5.5Mb
Flavor: r-devel-linux-x86_64-fedora-clang