CRAN Package Check Results for Package SemNeT

Last updated on 2020-11-24 06:46:57 CET.

Flavor Version Tinstall Tcheck Ttotal Status Flags
r-devel-linux-x86_64-debian-clang 1.4.0 11.94 86.76 98.70 OK
r-devel-linux-x86_64-debian-gcc 1.4.0 9.22 64.87 74.09 OK
r-devel-linux-x86_64-fedora-clang 1.4.0 124.52 NOTE
r-devel-linux-x86_64-fedora-gcc 1.4.0 114.72 NOTE
r-devel-windows-ix86+x86_64 1.4.0 24.00 113.00 137.00 OK
r-patched-linux-x86_64 1.4.0 8.82 80.82 89.64 OK
r-patched-solaris-x86 1.4.0 156.60 NOTE
r-release-linux-x86_64 1.4.0 10.32 81.42 91.74 OK
r-release-macos-x86_64 1.4.0 NOTE
r-release-windows-ix86+x86_64 1.4.0 15.00 80.00 95.00 OK
r-oldrel-macos-x86_64 1.4.0 NOTE
r-oldrel-windows-ix86+x86_64 1.4.0 13.00 84.00 97.00 OK

Check Details

Version: 1.4.0
Check: dependencies in R code
Result: NOTE
    Namespaces in Imports field not imported from:
     ‘RColorBrewer’ ‘grid’ ‘purrr’
     All declared Imports should be used.
Flavors: r-devel-linux-x86_64-fedora-clang, r-devel-linux-x86_64-fedora-gcc, r-patched-solaris-x86, r-release-macos-x86_64, r-oldrel-macos-x86_64

Version: 1.4.0
Check: Rd cross-references
Result: NOTE
    Undeclared packages ‘NetworkToolbox’, ‘SemNetCleaner’ in Rd xrefs
Flavor: r-devel-linux-x86_64-fedora-clang