CRAN Package Check Results for Package Seurat

Last updated on 2019-05-19 22:51:54 CEST.

Flavor Version Tinstall Tcheck Ttotal Status Flags
r-devel-linux-x86_64-debian-clang 3.0.0 91.63 243.17 334.80 NOTE
r-devel-linux-x86_64-debian-gcc 3.0.1 75.99 226.89 302.88 NOTE
r-devel-linux-x86_64-fedora-clang 3.0.1 460.40 NOTE
r-devel-linux-x86_64-fedora-gcc 3.0.1 490.14 NOTE
r-devel-windows-ix86+x86_64 3.0.1 247.00 612.00 859.00 NOTE
r-patched-linux-x86_64 3.0.1 88.94 276.69 365.63 NOTE
r-patched-solaris-x86 3.0.1 583.50 NOTE
r-release-linux-x86_64 3.0.1 87.41 278.10 365.51 NOTE
r-release-windows-ix86+x86_64 3.0.1 246.00 620.00 866.00 NOTE
r-release-osx-x86_64 3.0.1 NOTE
r-oldrel-windows-ix86+x86_64 3.0.1 189.00 382.00 571.00 NOTE
r-oldrel-osx-x86_64 3.0.1 NOTE

Check Details

Version: 3.0.0
Check: package dependencies
Result: NOTE
    Package suggested but not available for checking: 'loomR'
Flavor: r-devel-linux-x86_64-debian-clang

Version: 3.0.0
Check: Rd cross-references
Result: NOTE
    Package unavailable to check Rd xrefs: 'loomR'
Flavor: r-devel-linux-x86_64-debian-clang

Version: 3.0.1
Check: package dependencies
Result: NOTE
    Package suggested but not available for checking: ‘loomR’
Flavors: r-devel-linux-x86_64-debian-gcc, r-devel-windows-ix86+x86_64, r-patched-linux-x86_64, r-patched-solaris-x86, r-release-linux-x86_64, r-release-windows-ix86+x86_64, r-oldrel-windows-ix86+x86_64

Version: 3.0.1
Check: Rd cross-references
Result: NOTE
    Package unavailable to check Rd xrefs: ‘loomR’
Flavors: r-devel-linux-x86_64-debian-gcc, r-devel-linux-x86_64-fedora-clang, r-devel-linux-x86_64-fedora-gcc, r-devel-windows-ix86+x86_64, r-patched-linux-x86_64, r-patched-solaris-x86, r-release-linux-x86_64, r-release-windows-ix86+x86_64, r-release-osx-x86_64, r-oldrel-windows-ix86+x86_64, r-oldrel-osx-x86_64

Version: 3.0.1
Check: package dependencies
Result: NOTE
    Packages suggested but not available for checking: 'loomR', 'MAST'
Flavors: r-devel-linux-x86_64-fedora-clang, r-devel-linux-x86_64-fedora-gcc

Version: 3.0.1
Check: installed package size
Result: NOTE
     installed size is 8.9Mb
     sub-directories of 1Mb or more:
     libs 7.5Mb
Flavors: r-devel-linux-x86_64-fedora-clang, r-release-osx-x86_64, r-oldrel-osx-x86_64

Version: 3.0.1
Check: package dependencies
Result: NOTE
    Packages suggested but not available for checking:
     'loomR', 'S4Vectors', 'SummarizedExperiment', 'SingleCellExperiment',
     'MAST', 'DESeq2', 'GenomicRanges', 'GenomeInfoDb', 'IRanges',
     'rtracklayer'
Flavor: r-release-osx-x86_64

Version: 3.0.1
Check: package dependencies
Result: NOTE
    Packages suggested but not available for checking:
     ‘loomR’ ‘SingleCellExperiment’ ‘MAST’ ‘rtracklayer’
Flavor: r-oldrel-osx-x86_64