CRAN Package Check Results for Package SharpeR

Last updated on 2019-03-23 17:48:21 CET.

Flavor Version Tinstall Tcheck Ttotal Status Flags
r-devel-linux-x86_64-debian-clang 1.2.0 6.45 138.00 144.45 OK
r-devel-linux-x86_64-debian-gcc 1.2.0 3.62 104.74 108.36 OK
r-devel-linux-x86_64-fedora-clang 1.2.0 175.79 NOTE
r-devel-linux-x86_64-fedora-gcc 1.2.0 180.20 NOTE
r-devel-windows-ix86+x86_64 1.2.0 18.00 212.00 230.00 OK
r-patched-linux-x86_64 1.2.0 3.68 148.40 152.08 OK
r-patched-solaris-x86 1.2.0 225.90 NOTE
r-release-linux-x86_64 1.2.0 0.59 2.84 3.43 ERROR
r-release-windows-ix86+x86_64 1.2.0 8.00 191.00 199.00 OK
r-release-osx-x86_64 1.2.0 NOTE
r-oldrel-windows-ix86+x86_64 1.2.0 9.00 245.00 254.00 OK
r-oldrel-osx-x86_64 1.2.0 NOTE

Check Details

Version: 1.2.0
Check: dependencies in R code
Result: NOTE
    Namespace in Imports field not imported from: ‘methods’
     All declared Imports should be used.
Flavors: r-devel-linux-x86_64-fedora-clang, r-devel-linux-x86_64-fedora-gcc, r-patched-solaris-x86, r-release-osx-x86_64, r-oldrel-osx-x86_64

Version: 1.2.0
Check: whether package can be installed
Result: ERROR
    Installation failed.
Flavor: r-release-linux-x86_64