CRAN Package Check Results for Package SharpeR

Last updated on 2019-05-23 05:49:16 CEST.

Flavor Version Tinstall Tcheck Ttotal Status Flags
r-devel-linux-x86_64-debian-clang 1.2.0 5.91 136.12 142.03 OK
r-devel-linux-x86_64-debian-gcc 1.2.0 4.43 102.76 107.19 OK
r-devel-linux-x86_64-fedora-clang 1.2.0 164.35 NOTE
r-devel-linux-x86_64-fedora-gcc 1.2.0 166.45 NOTE
r-devel-windows-ix86+x86_64 1.2.0 9.00 166.00 175.00 OK
r-patched-linux-x86_64 1.2.0 5.95 134.77 140.72 OK
r-patched-solaris-x86 1.2.0 208.40 NOTE
r-release-linux-x86_64 1.2.0 4.10 133.32 137.42 OK
r-release-windows-ix86+x86_64 1.2.0 14.00 217.00 231.00 OK
r-release-osx-x86_64 1.2.0 NOTE
r-oldrel-windows-ix86+x86_64 1.2.0 7.00 172.00 179.00 OK
r-oldrel-osx-x86_64 1.2.0 NOTE

Check Details

Version: 1.2.0
Check: dependencies in R code
Result: NOTE
    Namespace in Imports field not imported from: ‘methods’
     All declared Imports should be used.
Flavors: r-devel-linux-x86_64-fedora-clang, r-devel-linux-x86_64-fedora-gcc, r-patched-solaris-x86, r-release-osx-x86_64, r-oldrel-osx-x86_64