CRAN Package Check Results for Package ShinyTester

Last updated on 2024-05-23 17:52:09 CEST.

Flavor Version Tinstall Tcheck Ttotal Status Flags
r-devel-linux-x86_64-debian-clang 0.1.0 5.26 46.92 52.18 NOTE
r-devel-linux-x86_64-debian-gcc 0.1.0 4.35 35.53 39.88 NOTE
r-devel-linux-x86_64-fedora-clang 0.1.0 67.28 NOTE
r-devel-linux-x86_64-fedora-gcc 0.1.0 60.10 NOTE
r-devel-windows-x86_64 0.1.0 7.00 53.00 60.00 NOTE
r-patched-linux-x86_64 0.1.0 4.97 44.86 49.83 NOTE
r-release-linux-x86_64 0.1.0 3.50 45.11 48.61 NOTE
r-release-macos-arm64 0.1.0 23.00 NOTE
r-release-windows-x86_64 0.1.0 7.00 55.00 62.00 NOTE
r-oldrel-macos-arm64 0.1.0 28.00 NOTE
r-oldrel-macos-x86_64 0.1.0 35.00 NOTE
r-oldrel-windows-x86_64 0.1.0 8.00 59.00 67.00 NOTE

Check Details

Version: 0.1.0
Check: LazyData
Result: NOTE 'LazyData' is specified without a 'data' directory Flavors: r-devel-linux-x86_64-debian-clang, r-devel-linux-x86_64-debian-gcc, r-devel-linux-x86_64-fedora-clang, r-devel-linux-x86_64-fedora-gcc, r-devel-windows-x86_64, r-patched-linux-x86_64, r-release-linux-x86_64, r-release-macos-arm64, r-release-windows-x86_64, r-oldrel-macos-arm64, r-oldrel-macos-x86_64, r-oldrel-windows-x86_64