Last updated on 2023-06-03 17:50:38 CEST.
Flavor | Version | Tinstall | Tcheck | Ttotal | Status | Flags |
---|---|---|---|---|---|---|
r-devel-linux-x86_64-debian-clang | 1.10.6 | 38.26 | 333.46 | 371.72 | NOTE | |
r-devel-linux-x86_64-debian-gcc | 1.10.6 | 30.18 | 250.48 | 280.66 | NOTE | |
r-devel-linux-x86_64-fedora-clang | 1.10.6 | 469.36 | NOTE | |||
r-devel-linux-x86_64-fedora-gcc | 1.10.6 | 504.39 | NOTE | |||
r-devel-windows-x86_64 | 1.10.6 | 33.00 | 236.00 | 269.00 | OK | |
r-patched-linux-x86_64 | 1.10.6 | NOTE | ||||
r-release-linux-x86_64 | 1.10.6 | 26.62 | 316.26 | 342.88 | NOTE | |
r-release-macos-arm64 | 1.10.6 | 7.00 | ERROR | |||
r-release-macos-x86_64 | 1.10.6 | 8.00 | ERROR | |||
r-release-windows-x86_64 | 1.10.6 | 43.00 | 304.00 | 347.00 | OK | |
r-oldrel-macos-arm64 | 1.10.6 | 121.00 | OK | |||
r-oldrel-macos-x86_64 | 1.10.6 | 197.00 | OK | |||
r-oldrel-windows-x86_64 | 1.10.6 | 44.00 | 288.00 | 332.00 | OK |
Version: 1.10.6
Check: for non-standard things in the check directory
Result: NOTE
Found the following files/directories:
‘ExportFigtree1.tre’
Flavors: r-devel-linux-x86_64-debian-clang, r-devel-linux-x86_64-debian-gcc, r-devel-linux-x86_64-fedora-clang, r-devel-linux-x86_64-fedora-gcc, r-patched-linux-x86_64, r-release-linux-x86_64
Version: 1.10.6
Check: package dependencies
Result: ERROR
Package required but not available: ‘phyloseq’
See section ‘The DESCRIPTION file’ in the ‘Writing R Extensions’
manual.
Flavors: r-release-macos-arm64, r-release-macos-x86_64