Last updated on 2023-03-21 23:53:07 CET.
Flavor | Version | Tinstall | Tcheck | Ttotal | Status | Flags |
---|---|---|---|---|---|---|
r-devel-linux-x86_64-debian-clang | 1.9.0 | 90.98 | 415.25 | 506.23 | NOTE | |
r-devel-linux-x86_64-debian-gcc | 1.9.0 | 64.61 | 310.60 | 375.21 | NOTE | |
r-devel-linux-x86_64-fedora-clang | 1.9.0 | 671.16 | NOTE | |||
r-devel-linux-x86_64-fedora-gcc | 1.9.0 | 640.07 | NOTE | |||
r-devel-windows-x86_64 | 1.9.0 | 140.00 | 496.00 | 636.00 | NOTE | |
r-patched-linux-x86_64 | 1.9.0 | 64.55 | 373.95 | 438.50 | OK | |
r-release-linux-x86_64 | 1.9.0 | 60.25 | 369.28 | 429.53 | OK | |
r-release-macos-arm64 | 1.9.0 | 127.00 | NOTE | |||
r-release-macos-x86_64 | 1.9.0 | 202.00 | OK | |||
r-release-windows-x86_64 | 1.9.0 | 145.00 | 462.00 | 607.00 | OK | |
r-oldrel-macos-arm64 | 1.9.0 | 9.00 | ERROR | |||
r-oldrel-macos-x86_64 | 1.9.0 | 14.00 | ERROR | |||
r-oldrel-windows-ix86+x86_64 | 1.9.0 | 189.00 | 597.00 | 786.00 | NOTE |
Version: 1.9.0
Check: C++ specification
Result: NOTE
Specified C++11: please drop specification unless essential
Flavors: r-devel-linux-x86_64-debian-clang, r-devel-linux-x86_64-debian-gcc, r-devel-linux-x86_64-fedora-clang, r-devel-linux-x86_64-fedora-gcc, r-devel-windows-x86_64
Version: 1.9.0
Check: package dependencies
Result: NOTE
Imports includes 24 non-default packages.
Importing from so many packages makes the package vulnerable to any of
them becoming unavailable. Move as many as possible to Suggests and
use conditionally.
Flavor: r-devel-linux-x86_64-fedora-clang
Version: 1.9.0
Check: package dependencies
Result: NOTE
Packages suggested but not available for checking:
'chromVAR', 'TFBSTools', 'motifmatchr'
Flavor: r-release-macos-arm64
Version: 1.9.0
Check: Rd cross-references
Result: NOTE
Packages unavailable to check Rd xrefs: ‘TFBSTools’, ‘motifmatchr’, ‘chromVAR’
Flavor: r-release-macos-arm64
Version: 1.9.0
Check: package dependencies
Result: ERROR
Package required and available but unsuitable version: ‘GenomeInfoDb’
Packages suggested but not available for checking:
'chromVAR', 'TFBSTools', 'motifmatchr'
See section ‘The DESCRIPTION file’ in the ‘Writing R Extensions’
manual.
Flavor: r-oldrel-macos-arm64
Version: 1.9.0
Check: package dependencies
Result: ERROR
Package required and available but unsuitable version: ‘GenomeInfoDb’
See section ‘The DESCRIPTION file’ in the ‘Writing R Extensions’
manual.
Flavor: r-oldrel-macos-x86_64
Version: 1.9.0
Check: dependencies in R code
Result: NOTE
Initiating curl with CURL_SSL_BACKEND: openssl
Flavor: r-oldrel-windows-ix86+x86_64