CRAN Package Check Results for Package SimCorrMix

Last updated on 2023-05-27 23:57:30 CEST.

Flavor Version Tinstall Tcheck Ttotal Status Flags
r-devel-linux-x86_64-debian-clang 0.1.1 18.63 249.97 268.60 NOTE
r-devel-linux-x86_64-debian-gcc 0.1.1 14.74 184.98 199.72 NOTE
r-devel-linux-x86_64-fedora-clang 0.1.1 335.75 NOTE
r-devel-linux-x86_64-fedora-gcc 0.1.1 358.15 NOTE
r-devel-windows-x86_64 0.1.1 17.00 184.00 201.00 NOTE
r-patched-linux-x86_64 0.1.1 13.63 233.51 247.14 NOTE
r-release-linux-x86_64 0.1.1 13.29 234.25 247.54 NOTE
r-release-macos-arm64 0.1.1 98.00 NOTE
r-release-macos-x86_64 0.1.1 161.00 NOTE
r-release-windows-x86_64 0.1.1 24.00 237.00 261.00 NOTE
r-oldrel-macos-arm64 0.1.1 81.00 NOTE
r-oldrel-macos-x86_64 0.1.1 151.00 NOTE
r-oldrel-windows-x86_64 0.1.1 23.00 231.00 254.00 NOTE

Check Details

Version: 0.1.1
Check: LazyData
Result: NOTE
     'LazyData' is specified without a 'data' directory
Flavors: r-devel-linux-x86_64-debian-clang, r-devel-linux-x86_64-debian-gcc, r-devel-linux-x86_64-fedora-clang, r-devel-linux-x86_64-fedora-gcc, r-devel-windows-x86_64, r-patched-linux-x86_64, r-release-linux-x86_64, r-release-macos-arm64, r-release-macos-x86_64, r-release-windows-x86_64, r-oldrel-macos-arm64, r-oldrel-macos-x86_64, r-oldrel-windows-x86_64

Version: 0.1.1
Check: dependencies in R code
Result: NOTE
    Namespaces in Imports field not imported from:
     ‘MASS’ ‘grid’
     All declared Imports should be used.
Flavors: r-devel-linux-x86_64-fedora-clang, r-devel-linux-x86_64-fedora-gcc, r-oldrel-macos-arm64, r-oldrel-macos-x86_64

Version: 0.1.1
Check: Rd cross-references
Result: NOTE
    Undeclared packages ‘GenOrd’, ‘PoisNor’ in Rd xrefs
Flavor: r-devel-linux-x86_64-fedora-clang