Last updated on 2024-08-16 11:49:52 CEST.
Flavor | Version | Tinstall | Tcheck | Ttotal | Status | Flags |
---|---|---|---|---|---|---|
r-devel-linux-x86_64-debian-clang | 0.2.2 | 30.03 | 350.86 | 380.89 | OK | |
r-devel-linux-x86_64-debian-gcc | 0.2.2 | 18.34 | 218.44 | 236.78 | OK | |
r-devel-linux-x86_64-fedora-clang | 0.2.2 | 607.51 | NOTE | |||
r-devel-linux-x86_64-fedora-gcc | 0.2.2 | 601.28 | OK | |||
r-devel-windows-x86_64 | 0.2.2 | 28.00 | 327.00 | 355.00 | OK | |
r-patched-linux-x86_64 | 0.2.2 | 27.67 | 329.26 | 356.93 | OK | |
r-release-linux-x86_64 | 0.2.2 | 28.16 | 334.39 | 362.55 | OK | |
r-release-macos-arm64 | 0.2.2 | 166.00 | OK | |||
r-release-macos-x86_64 | 0.2.2 | 259.00 | OK | |||
r-release-windows-x86_64 | 0.2.2 | 28.00 | 324.00 | 352.00 | OK | |
r-oldrel-macos-arm64 | 0.2.2 | 190.00 | OK | |||
r-oldrel-macos-x86_64 | 0.2.2 | 288.00 | OK | |||
r-oldrel-windows-x86_64 | 0.2.2 | 36.00 | 423.00 | 459.00 | OK |
Version: 0.2.2
Check: Rd cross-references
Result: NOTE
Undeclared packages ‘BinNonNor’, ‘PoisNor’, ‘PoisBinOrdNor’, ‘PoisBinOrdNonNor’ in Rd xrefs
Flavor: r-devel-linux-x86_64-fedora-clang