Last updated on 2023-09-26 12:07:40 CEST.
Flavor | Version | Tinstall | Tcheck | Ttotal | Status | Flags |
---|---|---|---|---|---|---|
r-devel-linux-x86_64-debian-clang | 0.4.4 | 9.61 | 315.35 | 324.96 | NOTE | |
r-devel-linux-x86_64-debian-gcc | 0.4.4 | 6.89 | 248.51 | 255.40 | NOTE | |
r-devel-linux-x86_64-fedora-clang | 0.4.4 | 444.13 | NOTE | |||
r-devel-linux-x86_64-fedora-gcc | 0.4.4 | 429.65 | NOTE | |||
r-devel-windows-x86_64 | 0.4.4 | 10.00 | 234.00 | 244.00 | NOTE | |
r-patched-linux-x86_64 | 0.4.4 | 13.84 | 317.60 | 331.44 | OK | |
r-release-linux-x86_64 | 0.4.4 | 7.54 | 331.72 | 339.26 | OK | |
r-release-macos-arm64 | 0.4.4 | 118.00 | OK | |||
r-release-macos-x86_64 | 0.4.4 | 190.00 | OK | |||
r-release-windows-x86_64 | 0.4.4 | 12.00 | 301.00 | 313.00 | OK | |
r-oldrel-macos-arm64 | 0.4.4 | 92.00 | NOTE | |||
r-oldrel-macos-x86_64 | 0.4.4 | 181.00 | NOTE | |||
r-oldrel-windows-x86_64 | 0.4.4 | 13.00 | 298.00 | 311.00 | OK |
Version: 0.4.4
Check: Rd \usage sections
Result: NOTE
Documented arguments not in \usage in documentation object 'sim_founderRVstatus':
‘intro_RV’
Functions with \usage entries need to have the appropriate \alias
entries, and all their arguments documented.
The \usage entries must correspond to syntactically valid R code.
See chapter ‘Writing R documentation files’ in the ‘Writing R
Extensions’ manual.
Flavors: r-devel-linux-x86_64-debian-clang, r-devel-linux-x86_64-debian-gcc, r-devel-linux-x86_64-fedora-clang, r-devel-linux-x86_64-fedora-gcc, r-devel-windows-x86_64
Version: 0.4.4
Check: dependencies in R code
Result: NOTE
Namespace in Imports field not imported from: ‘dplyr’
All declared Imports should be used.
Flavors: r-devel-linux-x86_64-fedora-clang, r-devel-linux-x86_64-fedora-gcc, r-oldrel-macos-arm64, r-oldrel-macos-x86_64