CRAN Package Check Results for Package SimSurvNMarker

Last updated on 2021-07-27 11:51:20 CEST.

Flavor Version Tinstall Tcheck Ttotal Status Flags
r-devel-linux-x86_64-debian-clang 0.1.1 63.17 38.31 101.48 NOTE
r-devel-linux-x86_64-debian-gcc 0.1.1 42.06 29.79 71.85 NOTE
r-devel-linux-x86_64-fedora-clang 0.1.1 160.61 NOTE
r-devel-linux-x86_64-fedora-gcc 0.1.1 130.14 NOTE
r-devel-windows-x86_64 0.1.1 76.00 71.00 147.00 NOTE
r-devel-windows-x86_64-gcc10-UCRT 0.1.1 NOTE
r-patched-linux-x86_64 0.1.1 49.70 36.13 85.83 NOTE
r-patched-solaris-x86 0.1.1 140.00 NOTE
r-release-linux-x86_64 0.1.1 54.06 36.69 90.75 NOTE
r-release-macos-arm64 0.1.1 NOTE
r-release-macos-x86_64 0.1.1 NOTE
r-release-windows-ix86+x86_64 0.1.1 154.00 93.00 247.00 NOTE
r-oldrel-macos-x86_64 0.1.1 OK
r-oldrel-windows-ix86+x86_64 0.1.1 108.00 92.00 200.00 OK

Check Details

Version: 0.1.1
Check: LazyData
Result: NOTE
     'LazyData' is specified without a 'data' directory
Flavors: r-devel-linux-x86_64-debian-clang, r-devel-linux-x86_64-debian-gcc, r-devel-linux-x86_64-fedora-clang, r-devel-linux-x86_64-fedora-gcc, r-devel-windows-x86_64, r-devel-windows-x86_64-gcc10-UCRT, r-patched-linux-x86_64, r-patched-solaris-x86, r-release-linux-x86_64, r-release-macos-arm64, r-release-macos-x86_64, r-release-windows-ix86+x86_64