Last updated on 2023-10-01 17:56:37 CEST.
Flavor | Version | Tinstall | Tcheck | Ttotal | Status | Flags |
---|---|---|---|---|---|---|
r-devel-linux-x86_64-debian-clang | 0.1.3 | 63.84 | 41.26 | 105.10 | NOTE | |
r-devel-linux-x86_64-debian-gcc | 0.1.3 | 45.43 | 31.41 | 76.84 | NOTE | |
r-devel-linux-x86_64-fedora-clang | 0.1.3 | 169.35 | NOTE | |||
r-devel-linux-x86_64-fedora-gcc | 0.1.3 | 168.45 | NOTE | |||
r-devel-windows-x86_64 | 0.1.3 | 48.00 | 78.00 | 126.00 | NOTE | |
r-patched-linux-x86_64 | 0.1.3 | 63.96 | 39.46 | 103.42 | NOTE | |
r-release-linux-x86_64 | 0.1.3 | 65.64 | 40.07 | 105.71 | NOTE | |
r-release-macos-arm64 | 0.1.3 | 53.00 | NOTE | |||
r-release-macos-x86_64 | 0.1.3 | 78.00 | NOTE | |||
r-release-windows-x86_64 | 0.1.3 | 67.00 | 86.00 | 153.00 | NOTE | |
r-oldrel-macos-arm64 | 0.1.3 | 40.00 | OK | |||
r-oldrel-macos-x86_64 | 0.1.3 | 54.00 | OK | |||
r-oldrel-windows-x86_64 | 0.1.3 | 65.00 | 79.00 | 144.00 | OK |
Version: 0.1.3
Check: C++ specification
Result: NOTE
Specified C++14: please drop specification unless essential
Flavors: r-devel-linux-x86_64-debian-clang, r-devel-linux-x86_64-debian-gcc, r-devel-linux-x86_64-fedora-clang, r-devel-linux-x86_64-fedora-gcc, r-devel-windows-x86_64, r-patched-linux-x86_64, r-release-linux-x86_64, r-release-macos-arm64, r-release-macos-x86_64, r-release-windows-x86_64