CRAN Package Check Results for Package SimSurvey

Last updated on 2022-09-30 07:51:29 CEST.

Flavor Version Tinstall Tcheck Ttotal Status Flags
r-devel-linux-x86_64-debian-clang 0.1.5 37.68 365.14 402.82 NOTE
r-devel-linux-x86_64-debian-gcc 0.1.5 31.95 264.23 296.18 NOTE
r-devel-linux-x86_64-fedora-clang 0.1.5 507.31 OK
r-devel-linux-x86_64-fedora-gcc 0.1.5 479.20 OK
r-devel-windows-x86_64 0.1.5 56.00 350.00 406.00 NOTE
r-patched-linux-x86_64 0.1.5 25.48 342.69 368.17 NOTE
r-release-linux-x86_64 0.1.5 24.36 342.08 366.44 NOTE
r-release-macos-arm64 0.1.5 95.00 NOTE
r-release-macos-x86_64 0.1.5 168.00 NOTE
r-release-windows-x86_64 0.1.5 64.00 354.00 418.00 NOTE
r-oldrel-macos-arm64 0.1.5 92.00 NOTE
r-oldrel-macos-x86_64 0.1.5 126.00 NOTE
r-oldrel-windows-ix86+x86_64 0.1.5 75.00 349.00 424.00 OK

Check Details

Version: 0.1.5
Check: package dependencies
Result: NOTE
    Package suggested but not available for checking: 'INLA'
Flavors: r-devel-linux-x86_64-debian-clang, r-devel-linux-x86_64-debian-gcc, r-devel-windows-x86_64, r-patched-linux-x86_64, r-release-linux-x86_64, r-release-macos-arm64, r-release-macos-x86_64, r-release-windows-x86_64, r-oldrel-macos-arm64, r-oldrel-macos-x86_64