Last updated on 2024-05-04 05:50:34 CEST.
Flavor | Version | Tinstall | Tcheck | Ttotal | Status | Flags |
---|---|---|---|---|---|---|
r-devel-linux-x86_64-debian-clang | 0.1.3 | 0.27 | 2.18 | 2.45 | ERROR | |
r-devel-linux-x86_64-fedora-clang | 0.1.3 | 469.44 | NOTE | |||
r-devel-linux-x86_64-fedora-gcc | 0.1.3 | 414.23 | NOTE | |||
r-devel-windows-x86_64 | 0.1.3 | 53.00 | 209.00 | 262.00 | NOTE | |
r-patched-linux-x86_64 | 0.1.3 | 58.32 | 266.43 | 324.75 | NOTE | |
r-release-linux-x86_64 | 0.1.3 | 42.41 | 254.91 | 297.32 | NOTE | |
r-release-macos-arm64 | 0.1.3 | 105.00 | NOTE | |||
r-release-macos-x86_64 | 0.1.3 | 259.00 | NOTE | |||
r-release-windows-x86_64 | 0.1.3 | 51.00 | 208.00 | 259.00 | NOTE | |
r-oldrel-macos-arm64 | 0.1.3 | 118.00 | NOTE | |||
r-oldrel-macos-x86_64 | 0.1.3 | 299.00 | NOTE | |||
r-oldrel-windows-x86_64 | 0.1.3 | 65.00 | 6.00 | 71.00 | ERROR |
Version: 0.1.3
Check: package dependencies
Result: ERROR
Package required but not available: ‘sva’
See section ‘The DESCRIPTION file’ in the ‘Writing R Extensions’
manual.
Flavor: r-devel-linux-x86_64-debian-clang
Version: 0.1.3
Check: LazyData
Result: NOTE
'LazyData' is specified without a 'data' directory
Flavors: r-devel-linux-x86_64-fedora-clang, r-devel-linux-x86_64-fedora-gcc, r-devel-windows-x86_64, r-patched-linux-x86_64, r-release-linux-x86_64, r-release-macos-arm64, r-release-macos-x86_64, r-release-windows-x86_64, r-oldrel-macos-arm64, r-oldrel-macos-x86_64
Version: 0.1.3
Check: whether package can be installed
Result: ERROR
Installation failed.
Flavor: r-oldrel-windows-x86_64