CRAN Package Check Results for Package SmithWilsonYieldCurve

Last updated on 2019-03-23 05:48:18 CET.

Flavor Version Tinstall Tcheck Ttotal Status Flags
r-devel-linux-x86_64-debian-clang 1.0.1 1.69 18.82 20.51 NOTE
r-devel-linux-x86_64-debian-gcc 1.0.1 1.39 15.51 16.90 NOTE
r-devel-linux-x86_64-fedora-clang 1.0.1 24.91 NOTE
r-devel-linux-x86_64-fedora-gcc 1.0.1 23.48 NOTE
r-devel-windows-ix86+x86_64 1.0.1 7.00 40.00 47.00 NOTE
r-patched-linux-x86_64 1.0.1 0.99 17.60 18.59 NOTE
r-patched-solaris-x86 1.0.1 36.90 NOTE
r-release-linux-x86_64 1.0.1 0.30 1.85 2.15 ERROR
r-release-windows-ix86+x86_64 1.0.1 3.00 30.00 33.00 NOTE
r-release-osx-x86_64 1.0.1 NOTE
r-oldrel-windows-ix86+x86_64 1.0.1 4.00 36.00 40.00 NOTE
r-oldrel-osx-x86_64 1.0.1 NOTE

Check Details

Version: 1.0.1
Check: DESCRIPTION meta-information
Result: NOTE
    Malformed Description field: should contain one or more complete sentences.
Flavors: r-devel-linux-x86_64-debian-clang, r-devel-linux-x86_64-debian-gcc, r-devel-linux-x86_64-fedora-clang, r-devel-linux-x86_64-fedora-gcc, r-devel-windows-ix86+x86_64, r-patched-linux-x86_64, r-patched-solaris-x86, r-release-windows-ix86+x86_64, r-release-osx-x86_64, r-oldrel-windows-ix86+x86_64, r-oldrel-osx-x86_64

Version: 1.0.1
Check: R code for possible problems
Result: NOTE
    lines.SmithWilsonYieldCurve: no visible global function definition for
     'lines'
    plot.SmithWilsonYieldCurve: no visible global function definition for
     'plot'
    points.SmithWilsonYieldCurve: no visible global function definition for
     'points'
    Undefined global functions or variables:
     lines plot points
    Consider adding
     importFrom("graphics", "lines", "plot", "points")
    to your NAMESPACE file.
Flavors: r-devel-linux-x86_64-debian-clang, r-devel-linux-x86_64-debian-gcc, r-devel-linux-x86_64-fedora-clang, r-devel-linux-x86_64-fedora-gcc, r-devel-windows-ix86+x86_64, r-patched-linux-x86_64, r-patched-solaris-x86, r-release-windows-ix86+x86_64, r-release-osx-x86_64, r-oldrel-windows-ix86+x86_64, r-oldrel-osx-x86_64

Version: 1.0.1
Check: whether package can be installed
Result: ERROR
    Installation failed.
Flavor: r-release-linux-x86_64