CRAN Package Check Results for Package SmithWilsonYieldCurve

Last updated on 2019-05-26 05:47:03 CEST.

Flavor Version Tinstall Tcheck Ttotal Status Flags
r-devel-linux-x86_64-debian-clang 1.0.1 1.82 18.75 20.57 NOTE
r-devel-linux-x86_64-debian-gcc 1.0.1 1.45 15.37 16.82 NOTE
r-devel-linux-x86_64-fedora-clang 1.0.1 24.81 NOTE
r-devel-linux-x86_64-fedora-gcc 1.0.1 23.75 NOTE
r-devel-windows-ix86+x86_64 1.0.1 4.00 44.00 48.00 NOTE
r-patched-linux-x86_64 1.0.1 NOTE
r-patched-solaris-x86 1.0.1 40.00 NOTE
r-release-linux-x86_64 1.0.1 1.61 18.82 20.43 NOTE
r-release-windows-ix86+x86_64 1.0.1 5.00 48.00 53.00 NOTE
r-release-osx-x86_64 1.0.1 NOTE
r-oldrel-windows-ix86+x86_64 1.0.1 4.00 35.00 39.00 NOTE
r-oldrel-osx-x86_64 1.0.1 NOTE

Check Details

Version: 1.0.1
Check: DESCRIPTION meta-information
Result: NOTE
    Malformed Description field: should contain one or more complete sentences.
Flavors: r-devel-linux-x86_64-debian-clang, r-devel-linux-x86_64-debian-gcc, r-devel-linux-x86_64-fedora-clang, r-devel-linux-x86_64-fedora-gcc, r-devel-windows-ix86+x86_64, r-patched-linux-x86_64, r-patched-solaris-x86, r-release-linux-x86_64, r-release-windows-ix86+x86_64, r-release-osx-x86_64, r-oldrel-windows-ix86+x86_64, r-oldrel-osx-x86_64

Version: 1.0.1
Check: R code for possible problems
Result: NOTE
    lines.SmithWilsonYieldCurve: no visible global function definition for
     'lines'
    plot.SmithWilsonYieldCurve: no visible global function definition for
     'plot'
    points.SmithWilsonYieldCurve: no visible global function definition for
     'points'
    Undefined global functions or variables:
     lines plot points
    Consider adding
     importFrom("graphics", "lines", "plot", "points")
    to your NAMESPACE file.
Flavors: r-devel-linux-x86_64-debian-clang, r-devel-linux-x86_64-debian-gcc, r-devel-linux-x86_64-fedora-clang, r-devel-linux-x86_64-fedora-gcc, r-devel-windows-ix86+x86_64, r-patched-linux-x86_64, r-patched-solaris-x86, r-release-linux-x86_64, r-release-windows-ix86+x86_64, r-release-osx-x86_64, r-oldrel-windows-ix86+x86_64, r-oldrel-osx-x86_64