Last updated on 2024-08-16 11:49:52 CEST.
Flavor | Version | Tinstall | Tcheck | Ttotal | Status | Flags |
---|---|---|---|---|---|---|
r-devel-linux-x86_64-debian-clang | 2024.04.10 | 22.95 | 76.82 | 99.77 | NOTE | |
r-devel-linux-x86_64-debian-gcc | 2024.04.10 | 13.93 | 55.92 | 69.85 | NOTE | |
r-devel-linux-x86_64-fedora-clang | 2024.04.10 | 157.95 | OK | |||
r-devel-linux-x86_64-fedora-gcc | 2024.04.10 | 147.23 | OK | |||
r-devel-windows-x86_64 | 2024.04.10 | 28.00 | 98.00 | 126.00 | NOTE | |
r-patched-linux-x86_64 | 2024.04.10 | 21.82 | 72.14 | 93.96 | OK | |
r-release-linux-x86_64 | 2024.04.10 | 18.48 | 72.73 | 91.21 | OK | |
r-release-macos-arm64 | 2024.04.10 | 48.00 | OK | |||
r-release-macos-x86_64 | 2024.04.10 | 67.00 | OK | |||
r-release-windows-x86_64 | 2024.04.10 | 29.00 | 98.00 | 127.00 | OK | |
r-oldrel-macos-arm64 | 2024.04.10 | 55.00 | OK | |||
r-oldrel-macos-x86_64 | 2024.04.10 | 105.00 | OK | |||
r-oldrel-windows-x86_64 | 2024.04.10 | 33.00 | 122.00 | 155.00 | OK |
Version: 2024.04.10
Check: Rd cross-references
Result: NOTE
Found the following Rd file(s) with Rd \link{} targets missing package
anchors:
plot.idm.Rd: SmartControl
Please provide package anchors for all Rd \link{} targets not in the
package itself and the base packages.
Flavors: r-devel-linux-x86_64-debian-clang, r-devel-linux-x86_64-debian-gcc, r-devel-windows-x86_64