CRAN Package Check Results for Package SoftBart

Last updated on 2023-09-26 12:07:40 CEST.

Flavor Version Tinstall Tcheck Ttotal Status Flags
r-devel-linux-x86_64-debian-clang 1.0.1 55.51 153.38 208.89 OK
r-devel-linux-x86_64-debian-gcc 1.0.1 45.05 112.71 157.76 OK
r-devel-linux-x86_64-fedora-clang 1.0.1 269.64 OK
r-devel-linux-x86_64-fedora-gcc 1.0.1 312.68 OK
r-devel-windows-x86_64 1.0.1 46.00 154.00 200.00 OK
r-patched-linux-x86_64 1.0.1 42.62 145.09 187.71 OK
r-release-linux-x86_64 1.0.1 45.04 144.01 189.05 OK
r-release-macos-arm64 1.0.1 86.00 NOTE
r-release-macos-x86_64 1.0.1 132.00 NOTE
r-release-windows-x86_64 1.0.1 62.00 182.00 244.00 OK
r-oldrel-macos-arm64 1.0.1 71.00 NOTE
r-oldrel-macos-x86_64 1.0.1 96.00 NOTE
r-oldrel-windows-x86_64 1.0.1 59.00 180.00 239.00 OK

Check Details

Version: 1.0.1
Check: installed package size
Result: NOTE
     installed size is 5.6Mb
     sub-directories of 1Mb or more:
     libs 4.7Mb
Flavors: r-release-macos-arm64, r-release-macos-x86_64, r-oldrel-macos-arm64, r-oldrel-macos-x86_64