CRAN Package Check Results for Package SortableHTMLTables

Last updated on 2019-05-19 22:51:55 CEST.

Flavor Version Tinstall Tcheck Ttotal Status Flags
r-devel-linux-x86_64-debian-clang 0.1-3 1.72 22.06 23.78 NOTE
r-devel-linux-x86_64-debian-gcc 0.1-3 1.24 17.93 19.17 NOTE
r-devel-linux-x86_64-fedora-clang 0.1-3 28.87 NOTE
r-devel-linux-x86_64-fedora-gcc 0.1-3 27.18 NOTE
r-devel-windows-ix86+x86_64 0.1-3 5.00 51.00 56.00 NOTE
r-patched-linux-x86_64 0.1-3 1.81 22.08 23.89 NOTE
r-patched-solaris-x86 0.1-3 47.50 NOTE
r-release-linux-x86_64 0.1-3 1.63 21.92 23.55 NOTE
r-release-windows-ix86+x86_64 0.1-3 7.00 46.00 53.00 NOTE
r-release-osx-x86_64 0.1-3 NOTE
r-oldrel-windows-ix86+x86_64 0.1-3 6.00 50.00 56.00 NOTE
r-oldrel-osx-x86_64 0.1-3 NOTE

Check Details

Version: 0.1-3
Check: for hidden files and directories
Result: NOTE
    Found the following hidden files and directories:
     .gitignore
    These were most likely included in error. See section 'Package
    structure' in the 'Writing R Extensions' manual.
Flavors: r-devel-linux-x86_64-debian-clang, r-devel-linux-x86_64-debian-gcc, r-devel-linux-x86_64-fedora-clang, r-devel-linux-x86_64-fedora-gcc, r-devel-windows-ix86+x86_64, r-patched-linux-x86_64, r-patched-solaris-x86, r-release-linux-x86_64, r-release-windows-ix86+x86_64, r-release-osx-x86_64, r-oldrel-windows-ix86+x86_64, r-oldrel-osx-x86_64

Version: 0.1-3
Check: DESCRIPTION meta-information
Result: NOTE
    Malformed Title field: should not end in a period.
    License components which are templates and need '+ file LICENSE':
     MIT
Flavors: r-devel-linux-x86_64-debian-clang, r-devel-linux-x86_64-debian-gcc, r-devel-linux-x86_64-fedora-clang, r-devel-linux-x86_64-fedora-gcc, r-patched-linux-x86_64, r-patched-solaris-x86, r-release-linux-x86_64, r-release-osx-x86_64, r-oldrel-osx-x86_64

Version: 0.1-3
Check: top-level files
Result: NOTE
    Non-standard files/directories found at top level:
     'README.markdown' 'build_package.sh' 'upload.sh'
Flavors: r-devel-linux-x86_64-debian-clang, r-devel-linux-x86_64-debian-gcc, r-devel-linux-x86_64-fedora-clang, r-devel-linux-x86_64-fedora-gcc, r-patched-linux-x86_64, r-release-linux-x86_64

Version: 0.1-3
Check: DESCRIPTION meta-information
Result: NOTE
    Malformed Title field: should not end in a period.
Flavors: r-devel-windows-ix86+x86_64, r-release-windows-ix86+x86_64, r-oldrel-windows-ix86+x86_64