Last updated on 2024-08-16 11:49:52 CEST.
Flavor | Version | Tinstall | Tcheck | Ttotal | Status | Flags |
---|---|---|---|---|---|---|
r-devel-linux-x86_64-debian-clang | 1.7.0 | 11.90 | 125.56 | 137.46 | NOTE | |
r-devel-linux-x86_64-debian-gcc | 1.7.0 | 8.32 | 88.60 | 96.92 | NOTE | |
r-devel-linux-x86_64-fedora-clang | 1.7.0 | 224.94 | NOTE | |||
r-devel-linux-x86_64-fedora-gcc | 1.7.0 | 221.46 | NOTE | |||
r-devel-windows-x86_64 | 1.7.0 | 13.00 | 137.00 | 150.00 | NOTE | |
r-patched-linux-x86_64 | 1.7.0 | 12.89 | 117.26 | 130.15 | NOTE | |
r-release-linux-x86_64 | 1.7.0 | 10.49 | 117.74 | 128.23 | NOTE | |
r-release-macos-arm64 | 1.7.0 | 67.00 | NOTE | |||
r-release-macos-x86_64 | 1.7.0 | 101.00 | NOTE | |||
r-release-windows-x86_64 | 1.7.0 | 13.00 | 136.00 | 149.00 | NOTE | |
r-oldrel-macos-arm64 | 1.7.0 | 78.00 | OK | |||
r-oldrel-macos-x86_64 | 1.7.0 | 113.00 | OK | |||
r-oldrel-windows-x86_64 | 1.7.0 | 19.00 | 170.00 | 189.00 | OK |
Version: 1.7.0
Check: Rd files
Result: NOTE
checkRd: (-1) spe.Rd:101: Lost braces
101 | code{spe} command; (4) \code{alpha} stores significance level as in
| ^
Flavors: r-devel-linux-x86_64-debian-clang, r-devel-linux-x86_64-debian-gcc, r-devel-linux-x86_64-fedora-clang, r-devel-linux-x86_64-fedora-gcc, r-devel-windows-x86_64, r-patched-linux-x86_64, r-release-linux-x86_64, r-release-macos-arm64, r-release-macos-x86_64, r-release-windows-x86_64