Last updated on 2024-08-31 23:49:16 CEST.
Flavor | Version | Tinstall | Tcheck | Ttotal | Status | Flags |
---|---|---|---|---|---|---|
r-devel-linux-x86_64-debian-clang | 1.3.0 | 3.00 | 67.08 | 70.08 | NOTE | |
r-devel-linux-x86_64-debian-gcc | 1.3.0 | 1.90 | 50.84 | 52.74 | NOTE | |
r-devel-linux-x86_64-fedora-clang | 1.3.0 | 115.49 | OK | |||
r-devel-linux-x86_64-fedora-gcc | 1.3.0 | 125.83 | OK | |||
r-devel-windows-x86_64 | 1.3.0 | 4.00 | 95.00 | 99.00 | NOTE | |
r-patched-linux-x86_64 | 1.3.0 | 8.81 | 64.33 | 73.14 | OK | |
r-release-linux-x86_64 | 1.3.0 | 2.75 | 64.22 | 66.97 | OK | |
r-release-macos-arm64 | 1.3.0 | 58.00 | OK | |||
r-release-macos-x86_64 | 1.3.0 | 68.00 | OK | |||
r-release-windows-x86_64 | 1.3.0 | 5.00 | 93.00 | 98.00 | OK | |
r-oldrel-macos-arm64 | 1.3.0 | 53.00 | OK | |||
r-oldrel-macos-x86_64 | 1.3.0 | 100.00 | OK | |||
r-oldrel-windows-x86_64 | 1.3.0 | 6.00 | 110.00 | 116.00 | OK |
Version: 1.3.0
Check: Rd cross-references
Result: NOTE
Found the following Rd file(s) with Rd \link{} targets missing package
anchors:
centralis.Rd: tuneR
cuvieri.Rd: tuneR
eigensound.Rd: persp3D, plot3D, geomorph, seewave
hypo.surf.Rd: persp3D, plot3D, colkey, geomorph, gm.prcomp,
summary.gm.prcomp, plot.gm.prcomp
kroyeri.Rd: tuneR
threeDspectro.Rd: spectro, seewave, persp3D, plot3D, colkey
Please provide package anchors for all Rd \link{} targets not in the
package itself and the base packages.
Flavors: r-devel-linux-x86_64-debian-clang, r-devel-linux-x86_64-debian-gcc, r-devel-windows-x86_64